{"id":523,"date":"2025-08-29T01:41:22","date_gmt":"2025-08-28T23:41:22","guid":{"rendered":"https:\/\/www.animalsouk.ma\/animalerie\/product\/litiere-agglomerante-a-la-lavande-10l-proline\/"},"modified":"2026-02-10T16:33:59","modified_gmt":"2026-02-10T15:33:59","slug":"litiere-agglomerante-a-la-lavande-10l-proline","status":"publish","type":"product","link":"https:\/\/www.animalsouk.ma\/animalerie-maroc\/produit\/litiere-agglomerante-a-la-lavande-10l-proline\/","title":{"rendered":"Liti\u00e8re agglom\u00e9rante \u00e0 la lavande 10L &#8211; Proline"},"content":{"rendered":"<p>La liti\u00e8re en bentonite pour chat Proline comprend des mati\u00e8res premi\u00e8res naturelles qui ne contiennent aucun produit chimique nocif pour votre sant\u00e9 ou celle de votre chat.<\/p>\n<p>La liti\u00e8re pour chats Proline est trait\u00e9e sp\u00e9cialement pour minimiser la formation de poussi\u00e8re dans la zone o\u00f9 elle est utilis\u00e9e.<\/p>\n<p>CARACT\u00c9RISTIQUE ABORBANTE<\/p>\n<p>La liti\u00e8re pour chat Proline absorbe le liquide rapidement et forme des agglom\u00e9rats avec une fonction d&rsquo;agglutination parfaite. Il pr\u00e9vient toute sorte de contamination bact\u00e9rienne qui peut \u00eatre nocive pour vous ou votre chat<\/p>\n<p>BLOCAGE DES ODEURS<\/p>\n<p>Tout en bloquant les mauvaises odeurs qui se d\u00e9gagent dans l&rsquo;environnement, la liti\u00e8re pour chat Proline donne \u00e9galement une odeur fra\u00eeche lorsqu&rsquo;elle est en contact avec un liquide.<\/p>\n<p>MODE D&rsquo;EMPLOI :<\/p>\n<p>Placez votre bac \u00e0 liti\u00e8re pour chat dans un endroit facile d&rsquo;acc\u00e8s et confortable.<br \/>\nVersez la liti\u00e8re pour chat sur tout le fond du bac \u00e0 liti\u00e8re avec une \u00e9paisseur de 7 \u00e0 8 cm.<br \/>\nNettoyez les mottes et les d\u00e9chets solides tous les jours avec une pelle appropri\u00e9e.<br \/>\nCompl\u00e9tez la liti\u00e8re pour chat en ajoutant de la liti\u00e8re fra\u00eeche lorsque le niveau diminue.<br \/>\nLa p\u00e9riode de changement de liti\u00e8re pour chat peut \u00eatre r\u00e9duite si vous avez plus d&rsquo;un chat.<br \/>\nLavez-vous les mains avec du savon apr\u00e8s avoir \u00e9t\u00e9 en contact avec de la liti\u00e8re pour chat dans la bo\u00eete.<\/p>\n","protected":false},"excerpt":{"rendered":"<p>La liti\u00e8re en bentonite pour chat Proline comprend des mati\u00e8res premi\u00e8res naturelles qui ne contiennent aucun produit chimique nocif pour votre sant\u00e9 ou celle de votre chat. La liti\u00e8re pour chats Proline est trait\u00e9e sp\u00e9cialement pour minimiser la formation de poussi\u00e8re dans la zone o\u00f9 elle est utilis\u00e9e. CARACT\u00c9RISTIQUE ABORBANTE La liti\u00e8re pour chat Proline [&#8230;]\n","protected":false},"featured_media":522,"template":"","meta":[],"product_brand":[],"product_cat":[45],"product_tag":[],"class_list":{"0":"post-523","1":"product","2":"type-product","3":"status-publish","4":"has-post-thumbnail","6":"product_cat-litieres","7":"product_shipping_class-produit-lourd","9":"first","10":"instock","11":"sale","12":"featured","13":"shipping-taxable","14":"purchasable","15":"product-type-simple"},"yoast_head":"<!-- This site is optimized with the Yoast SEO plugin v27.3 - https:\/\/yoast.com\/product\/yoast-seo-wordpress\/ -->\n<title>Liti\u00e8re agglom\u00e9rante \u00e0 la lavande 10L - Proline - Animalerie Maroc<\/title>\n<meta name=\"description\" content=\"Achetez votre Liti\u00e8re agglom\u00e9rante \u00e0 la lavande 10L - Proline au meilleur prix au Maroc. Livraison rapide | Animalsouk.ma\" \/>\n<meta name=\"robots\" content=\"index, follow, max-snippet:-1, max-image-preview:large, max-video-preview:-1\" \/>\n<link rel=\"canonical\" href=\"https:\/\/www.animalsouk.ma\/animalerie-maroc\/produit\/litiere-agglomerante-a-la-lavande-10l-proline\/\" \/>\n<meta property=\"og:locale\" content=\"fr_FR\" \/>\n<meta property=\"og:type\" content=\"article\" \/>\n<meta property=\"og:title\" content=\"Liti\u00e8re agglom\u00e9rante \u00e0 la lavande 10L - Proline - Animalerie Maroc\" \/>\n<meta property=\"og:description\" content=\"Achetez votre Liti\u00e8re agglom\u00e9rante \u00e0 la lavande 10L - Proline au meilleur prix au Maroc. Livraison rapide | Animalsouk.ma\" \/>\n<meta property=\"og:url\" content=\"https:\/\/www.animalsouk.ma\/animalerie-maroc\/produit\/litiere-agglomerante-a-la-lavande-10l-proline\/\" \/>\n<meta property=\"og:site_name\" content=\"Animalerie Maroc\" \/>\n<meta property=\"article:publisher\" content=\"https:\/\/www.facebook.com\/animalsouk.ma\" \/>\n<meta property=\"article:modified_time\" content=\"2026-02-10T15:33:59+00:00\" \/>\n<meta property=\"og:image\" content=\"https:\/\/www.animalsouk.ma\/animalerie-maroc\/wp-content\/uploads\/2025\/08\/a3f9823f0dc8d31bbeb60b6e497f18ac.webp\" \/>\n\t<meta property=\"og:image:width\" content=\"700\" \/>\n\t<meta property=\"og:image:height\" content=\"579\" \/>\n\t<meta property=\"og:image:type\" content=\"image\/webp\" \/>\n<meta name=\"twitter:card\" content=\"summary_large_image\" \/>\n<meta name=\"twitter:label1\" content=\"Dur\u00e9e de lecture estim\u00e9e\" \/>\n\t<meta name=\"twitter:data1\" content=\"2 minutes\" \/>\n<script type=\"application\/ld+json\" class=\"yoast-schema-graph\">{\"@context\":\"https:\\\/\\\/schema.org\",\"@graph\":[{\"@type\":\"WebPage\",\"@id\":\"https:\\\/\\\/www.animalsouk.ma\\\/animalerie-maroc\\\/produit\\\/litiere-agglomerante-a-la-lavande-10l-proline\\\/\",\"url\":\"https:\\\/\\\/www.animalsouk.ma\\\/animalerie-maroc\\\/produit\\\/litiere-agglomerante-a-la-lavande-10l-proline\\\/\",\"name\":\"Liti\u00e8re agglom\u00e9rante \u00e0 la lavande 10L - Proline - Animalerie Maroc\",\"isPartOf\":{\"@id\":\"https:\\\/\\\/www.animalsouk.ma\\\/animalerie-maroc\\\/#website\"},\"primaryImageOfPage\":{\"@id\":\"https:\\\/\\\/www.animalsouk.ma\\\/animalerie-maroc\\\/produit\\\/litiere-agglomerante-a-la-lavande-10l-proline\\\/#primaryimage\"},\"image\":{\"@id\":\"https:\\\/\\\/www.animalsouk.ma\\\/animalerie-maroc\\\/produit\\\/litiere-agglomerante-a-la-lavande-10l-proline\\\/#primaryimage\"},\"thumbnailUrl\":\"https:\\\/\\\/www.animalsouk.ma\\\/animalerie-maroc\\\/wp-content\\\/uploads\\\/2025\\\/08\\\/a3f9823f0dc8d31bbeb60b6e497f18ac.webp\",\"datePublished\":\"2025-08-28T23:41:22+00:00\",\"dateModified\":\"2026-02-10T15:33:59+00:00\",\"description\":\"Achetez votre Liti\u00e8re agglom\u00e9rante \u00e0 la lavande 10L - Proline au meilleur prix au Maroc. Livraison rapide | Animalsouk.ma\",\"breadcrumb\":{\"@id\":\"https:\\\/\\\/www.animalsouk.ma\\\/animalerie-maroc\\\/produit\\\/litiere-agglomerante-a-la-lavande-10l-proline\\\/#breadcrumb\"},\"inLanguage\":\"fr-FR\",\"potentialAction\":[{\"@type\":\"ReadAction\",\"target\":[\"https:\\\/\\\/www.animalsouk.ma\\\/animalerie-maroc\\\/produit\\\/litiere-agglomerante-a-la-lavande-10l-proline\\\/\"]}]},{\"@type\":\"ImageObject\",\"inLanguage\":\"fr-FR\",\"@id\":\"https:\\\/\\\/www.animalsouk.ma\\\/animalerie-maroc\\\/produit\\\/litiere-agglomerante-a-la-lavande-10l-proline\\\/#primaryimage\",\"url\":\"https:\\\/\\\/www.animalsouk.ma\\\/animalerie-maroc\\\/wp-content\\\/uploads\\\/2025\\\/08\\\/a3f9823f0dc8d31bbeb60b6e497f18ac.webp\",\"contentUrl\":\"https:\\\/\\\/www.animalsouk.ma\\\/animalerie-maroc\\\/wp-content\\\/uploads\\\/2025\\\/08\\\/a3f9823f0dc8d31bbeb60b6e497f18ac.webp\",\"width\":700,\"height\":579,\"caption\":\"Liti\u00e8re agglom\u00e9rante \u00e0 la lavande 10L - Proline\"},{\"@type\":\"BreadcrumbList\",\"@id\":\"https:\\\/\\\/www.animalsouk.ma\\\/animalerie-maroc\\\/produit\\\/litiere-agglomerante-a-la-lavande-10l-proline\\\/#breadcrumb\",\"itemListElement\":[{\"@type\":\"ListItem\",\"position\":1,\"name\":\"Home\",\"item\":\"https:\\\/\\\/www.animalsouk.ma\\\/animalerie-maroc\\\/\"},{\"@type\":\"ListItem\",\"position\":2,\"name\":\"Boutique\",\"item\":\"https:\\\/\\\/www.animalsouk.ma\\\/animalerie-maroc\\\/boutique\\\/\"},{\"@type\":\"ListItem\",\"position\":3,\"name\":\"Liti\u00e8re agglom\u00e9rante \u00e0 la lavande 10L &#8211; Proline\"}]},{\"@type\":\"WebSite\",\"@id\":\"https:\\\/\\\/www.animalsouk.ma\\\/animalerie-maroc\\\/#website\",\"url\":\"https:\\\/\\\/www.animalsouk.ma\\\/animalerie-maroc\\\/\",\"name\":\"Animalerie de casablanca\",\"description\":\"\",\"publisher\":{\"@id\":\"https:\\\/\\\/www.animalsouk.ma\\\/animalerie-maroc\\\/#organization\"},\"potentialAction\":[{\"@type\":\"SearchAction\",\"target\":{\"@type\":\"EntryPoint\",\"urlTemplate\":\"https:\\\/\\\/www.animalsouk.ma\\\/animalerie-maroc\\\/?s={search_term_string}\"},\"query-input\":{\"@type\":\"PropertyValueSpecification\",\"valueRequired\":true,\"valueName\":\"search_term_string\"}}],\"inLanguage\":\"fr-FR\"},{\"@type\":\"Organization\",\"@id\":\"https:\\\/\\\/www.animalsouk.ma\\\/animalerie-maroc\\\/#organization\",\"name\":\"Animalerie de casablanca\",\"url\":\"https:\\\/\\\/www.animalsouk.ma\\\/animalerie-maroc\\\/\",\"logo\":{\"@type\":\"ImageObject\",\"inLanguage\":\"fr-FR\",\"@id\":\"https:\\\/\\\/www.animalsouk.ma\\\/animalerie-maroc\\\/#\\\/schema\\\/logo\\\/image\\\/\",\"url\":\"https:\\\/\\\/www.animalsouk.ma\\\/animalerie-maroc\\\/wp-content\\\/uploads\\\/2025\\\/10\\\/animalsouk.ma-logo.png\",\"contentUrl\":\"https:\\\/\\\/www.animalsouk.ma\\\/animalerie-maroc\\\/wp-content\\\/uploads\\\/2025\\\/10\\\/animalsouk.ma-logo.png\",\"width\":760,\"height\":231,\"caption\":\"Animalerie de casablanca\"},\"image\":{\"@id\":\"https:\\\/\\\/www.animalsouk.ma\\\/animalerie-maroc\\\/#\\\/schema\\\/logo\\\/image\\\/\"},\"sameAs\":[\"https:\\\/\\\/www.facebook.com\\\/animalsouk.ma\",\"https:\\\/\\\/www.instagram.com\\\/animalsouk.ma\"]}]}<\/script>\n<!-- \/ Yoast SEO plugin. -->","yoast_head_json":{"title":"Liti\u00e8re agglom\u00e9rante \u00e0 la lavande 10L - Proline - Animalerie Maroc","description":"Achetez votre Liti\u00e8re agglom\u00e9rante \u00e0 la lavande 10L - Proline au meilleur prix au Maroc. Livraison rapide | Animalsouk.ma","robots":{"index":"index","follow":"follow","max-snippet":"max-snippet:-1","max-image-preview":"max-image-preview:large","max-video-preview":"max-video-preview:-1"},"canonical":"https:\/\/www.animalsouk.ma\/animalerie-maroc\/produit\/litiere-agglomerante-a-la-lavande-10l-proline\/","og_locale":"fr_FR","og_type":"article","og_title":"Liti\u00e8re agglom\u00e9rante \u00e0 la lavande 10L - Proline - Animalerie Maroc","og_description":"Achetez votre Liti\u00e8re agglom\u00e9rante \u00e0 la lavande 10L - Proline au meilleur prix au Maroc. Livraison rapide | Animalsouk.ma","og_url":"https:\/\/www.animalsouk.ma\/animalerie-maroc\/produit\/litiere-agglomerante-a-la-lavande-10l-proline\/","og_site_name":"Animalerie Maroc","article_publisher":"https:\/\/www.facebook.com\/animalsouk.ma","article_modified_time":"2026-02-10T15:33:59+00:00","og_image":[{"width":700,"height":579,"url":"https:\/\/www.animalsouk.ma\/animalerie-maroc\/wp-content\/uploads\/2025\/08\/a3f9823f0dc8d31bbeb60b6e497f18ac.webp","type":"image\/webp"}],"twitter_card":"summary_large_image","twitter_misc":{"Dur\u00e9e de lecture estim\u00e9e":"2 minutes"},"schema":{"@context":"https:\/\/schema.org","@graph":[{"@type":"WebPage","@id":"https:\/\/www.animalsouk.ma\/animalerie-maroc\/produit\/litiere-agglomerante-a-la-lavande-10l-proline\/","url":"https:\/\/www.animalsouk.ma\/animalerie-maroc\/produit\/litiere-agglomerante-a-la-lavande-10l-proline\/","name":"Liti\u00e8re agglom\u00e9rante \u00e0 la lavande 10L - Proline - Animalerie Maroc","isPartOf":{"@id":"https:\/\/www.animalsouk.ma\/animalerie-maroc\/#website"},"primaryImageOfPage":{"@id":"https:\/\/www.animalsouk.ma\/animalerie-maroc\/produit\/litiere-agglomerante-a-la-lavande-10l-proline\/#primaryimage"},"image":{"@id":"https:\/\/www.animalsouk.ma\/animalerie-maroc\/produit\/litiere-agglomerante-a-la-lavande-10l-proline\/#primaryimage"},"thumbnailUrl":"https:\/\/www.animalsouk.ma\/animalerie-maroc\/wp-content\/uploads\/2025\/08\/a3f9823f0dc8d31bbeb60b6e497f18ac.webp","datePublished":"2025-08-28T23:41:22+00:00","dateModified":"2026-02-10T15:33:59+00:00","description":"Achetez votre Liti\u00e8re agglom\u00e9rante \u00e0 la lavande 10L - Proline au meilleur prix au Maroc. Livraison rapide | Animalsouk.ma","breadcrumb":{"@id":"https:\/\/www.animalsouk.ma\/animalerie-maroc\/produit\/litiere-agglomerante-a-la-lavande-10l-proline\/#breadcrumb"},"inLanguage":"fr-FR","potentialAction":[{"@type":"ReadAction","target":["https:\/\/www.animalsouk.ma\/animalerie-maroc\/produit\/litiere-agglomerante-a-la-lavande-10l-proline\/"]}]},{"@type":"ImageObject","inLanguage":"fr-FR","@id":"https:\/\/www.animalsouk.ma\/animalerie-maroc\/produit\/litiere-agglomerante-a-la-lavande-10l-proline\/#primaryimage","url":"https:\/\/www.animalsouk.ma\/animalerie-maroc\/wp-content\/uploads\/2025\/08\/a3f9823f0dc8d31bbeb60b6e497f18ac.webp","contentUrl":"https:\/\/www.animalsouk.ma\/animalerie-maroc\/wp-content\/uploads\/2025\/08\/a3f9823f0dc8d31bbeb60b6e497f18ac.webp","width":700,"height":579,"caption":"Liti\u00e8re agglom\u00e9rante \u00e0 la lavande 10L - Proline"},{"@type":"BreadcrumbList","@id":"https:\/\/www.animalsouk.ma\/animalerie-maroc\/produit\/litiere-agglomerante-a-la-lavande-10l-proline\/#breadcrumb","itemListElement":[{"@type":"ListItem","position":1,"name":"Home","item":"https:\/\/www.animalsouk.ma\/animalerie-maroc\/"},{"@type":"ListItem","position":2,"name":"Boutique","item":"https:\/\/www.animalsouk.ma\/animalerie-maroc\/boutique\/"},{"@type":"ListItem","position":3,"name":"Liti\u00e8re agglom\u00e9rante \u00e0 la lavande 10L &#8211; Proline"}]},{"@type":"WebSite","@id":"https:\/\/www.animalsouk.ma\/animalerie-maroc\/#website","url":"https:\/\/www.animalsouk.ma\/animalerie-maroc\/","name":"Animalerie de casablanca","description":"","publisher":{"@id":"https:\/\/www.animalsouk.ma\/animalerie-maroc\/#organization"},"potentialAction":[{"@type":"SearchAction","target":{"@type":"EntryPoint","urlTemplate":"https:\/\/www.animalsouk.ma\/animalerie-maroc\/?s={search_term_string}"},"query-input":{"@type":"PropertyValueSpecification","valueRequired":true,"valueName":"search_term_string"}}],"inLanguage":"fr-FR"},{"@type":"Organization","@id":"https:\/\/www.animalsouk.ma\/animalerie-maroc\/#organization","name":"Animalerie de casablanca","url":"https:\/\/www.animalsouk.ma\/animalerie-maroc\/","logo":{"@type":"ImageObject","inLanguage":"fr-FR","@id":"https:\/\/www.animalsouk.ma\/animalerie-maroc\/#\/schema\/logo\/image\/","url":"https:\/\/www.animalsouk.ma\/animalerie-maroc\/wp-content\/uploads\/2025\/10\/animalsouk.ma-logo.png","contentUrl":"https:\/\/www.animalsouk.ma\/animalerie-maroc\/wp-content\/uploads\/2025\/10\/animalsouk.ma-logo.png","width":760,"height":231,"caption":"Animalerie de casablanca"},"image":{"@id":"https:\/\/www.animalsouk.ma\/animalerie-maroc\/#\/schema\/logo\/image\/"},"sameAs":["https:\/\/www.facebook.com\/animalsouk.ma","https:\/\/www.instagram.com\/animalsouk.ma"]}]}},"_links":{"self":[{"href":"https:\/\/www.animalsouk.ma\/animalerie-maroc\/wp-json\/wp\/v2\/product\/523","targetHints":{"allow":["GET"]}}],"collection":[{"href":"https:\/\/www.animalsouk.ma\/animalerie-maroc\/wp-json\/wp\/v2\/product"}],"about":[{"href":"https:\/\/www.animalsouk.ma\/animalerie-maroc\/wp-json\/wp\/v2\/types\/product"}],"wp:featuredmedia":[{"embeddable":true,"href":"https:\/\/www.animalsouk.ma\/animalerie-maroc\/wp-json\/wp\/v2\/media\/522"}],"wp:attachment":[{"href":"https:\/\/www.animalsouk.ma\/animalerie-maroc\/wp-json\/wp\/v2\/media?parent=523"}],"wp:term":[{"taxonomy":"product_brand","embeddable":true,"href":"https:\/\/www.animalsouk.ma\/animalerie-maroc\/wp-json\/wp\/v2\/product_brand?post=523"},{"taxonomy":"product_cat","embeddable":true,"href":"https:\/\/www.animalsouk.ma\/animalerie-maroc\/wp-json\/wp\/v2\/product_cat?post=523"},{"taxonomy":"product_tag","embeddable":true,"href":"https:\/\/www.animalsouk.ma\/animalerie-maroc\/wp-json\/wp\/v2\/product_tag?post=523"}],"curies":[{"name":"wp","href":"https:\/\/api.w.org\/{rel}","templated":true}]}}