{"id":435,"date":"2025-08-29T01:41:05","date_gmt":"2025-08-28T23:41:05","guid":{"rendered":"https:\/\/www.animalsouk.ma\/animalerie\/product\/croquette-ownat-sans-cereales-chat-adulte-grain-free-3kg\/"},"modified":"2026-01-05T17:34:01","modified_gmt":"2026-01-05T16:34:01","slug":"croquette-ownat-sans-cereales-chat-adulte-grain-free-3kg","status":"publish","type":"product","link":"https:\/\/www.animalsouk.ma\/animalerie-maroc\/produit\/croquette-ownat-sans-cereales-chat-adulte-grain-free-3kg\/","title":{"rendered":"Croquette Ownat sans c\u00e9r\u00e9ales chat adulte Grain free 3kg"},"content":{"rendered":"<p>Croquette Ownat sans c\u00e9r\u00e9ales pour chat adulte Grain free Con\u00e7u pour couvrir tous les besoins nutritionnels d&rsquo;un chat adulte de toute race avec un niveau d&rsquo;activit\u00e9 normal. Son \u00e9laboration, avec 50% de viande fra\u00eeche de poulet et de dinde, fournit des prot\u00e9ines de haute valeur biologique et permet une digestion facile et un grand app\u00e9tit.<\/p>\n<p>Composition:<br \/>\nViande fra\u00eeche de poulet et de dinde* (min. 50% avant extrusion), viandes d\u00e9shydrat\u00e9es (21%), pois entiers*, graisse de volaille (conserv\u00e9e avec des antioxydants naturels), racines de manioc*, pommes de terre d\u00e9shydrat\u00e9es*, poisson d\u00e9shydrat\u00e9 (anchois, chinchard et maquereau), \u0153uf d\u00e9shydrat\u00e9*, levure de bi\u00e8re*, prot\u00e9ines de poulet hydrolys\u00e9es, pomme fra\u00eeche* (1%), pulpe de betterave, huile de poisson (conserv\u00e9e avec des antioxydants naturels), sel gemme*, luzerne d\u00e9shydrat\u00e9e*, fructose et mannane oligosaccharides d\u00e9shydrat\u00e9s algue*, glucosamine, chondro\u00eftine, yucca schidigera, myrtilles*, thym*, fleur de camomille*, fenouil*, \u00e9chinac\u00e9e*, th\u00e9 vert*. *Ingr\u00e9dients naturels.<\/p>\n<p>Composants analytiques :<br \/>\nProt\u00e9ines : 40 %, Teneur en mati\u00e8res grasses : 20 %, Fibres brutes : 2,5 %, Mati\u00e8re inorganique : 9 %, Humidit\u00e9 : 8 %, Om\u00e9ga 6 : 3,54 %, Om\u00e9ga 3 : 0,42 %, Calcium : 1 0,6 %, Phosphore : 1,1 % .<\/p>\n<p>ADDITIFS\/KG : Additifs nutritionnels :<br \/>\nVitamine A 25 000 UI, Vitamine D3 1 500 UI, Vitamine E 425 UI, Vitamine C 100 mg, Taurine 2 000 mg, L-carnitine 200 mg, Cuivre (sulfate de cuivre pentahydrat\u00e9) 5 mg, Cuivre (ch\u00e9late de cuivre d&rsquo;acides amin\u00e9s hydrat\u00e9) 5 mg , Mangan\u00e8se (oxyde de mangan\u00e8se) 52 mg, zinc (oxyde de zinc) 100 mg, fer (sulfate ferreux, monohydrat\u00e9) 40 mg, zinc (ch\u00e9late de zinc hydrat\u00e9 d&rsquo;acides amin\u00e9s) 10 mg, iode (iodure de potassium) 4 mg, s\u00e9l\u00e9nium (sodium s\u00e9l\u00e9nite) 0,3 mg. Avec des antioxydants naturels.<\/p>\n<p>Des instructions<br \/>\nLes quantit\u00e9s indiqu\u00e9es sont les rations journali\u00e8res recommand\u00e9es. Conservez dans un endroit frais et sec. Laissez toujours de l&rsquo;eau fra\u00eeche et propre \u00e0 port\u00e9e du chat. Expiration : 18 mois.<\/p>\n","protected":false},"excerpt":{"rendered":"<p>Croquette Ownat sans c\u00e9r\u00e9ales pour chat adulte Grain free Con\u00e7u pour couvrir tous les besoins nutritionnels d&rsquo;un chat adulte de toute race avec un niveau d&rsquo;activit\u00e9 normal. Son \u00e9laboration, avec 50% de viande fra\u00eeche de poulet et de dinde, fournit des prot\u00e9ines de haute valeur biologique et permet une digestion facile et un grand app\u00e9tit. [&#8230;]\n","protected":false},"featured_media":434,"template":"","meta":[],"product_brand":[34],"product_cat":[18],"product_tag":[],"class_list":{"0":"post-435","1":"product","2":"type-product","3":"status-publish","4":"has-post-thumbnail","6":"product_brand-ownat","7":"product_cat-alimentation-pour-chats","9":"first","10":"instock","11":"shipping-taxable","12":"purchasable","13":"product-type-simple"},"yoast_head":"<!-- This site is optimized with the Yoast SEO plugin v27.3 - https:\/\/yoast.com\/product\/yoast-seo-wordpress\/ -->\n<title>Croquette Ownat sans c\u00e9r\u00e9ales chat adulte Grain free 3kg - Animalerie Maroc<\/title>\n<meta name=\"description\" content=\"Achetez votre Croquette Ownat sans c\u00e9r\u00e9ales chat adulte Grain free 3kg au meilleur prix au Maroc. Livraison rapide | Animalsouk.ma\" \/>\n<meta name=\"robots\" content=\"index, follow, max-snippet:-1, max-image-preview:large, max-video-preview:-1\" \/>\n<link rel=\"canonical\" href=\"https:\/\/www.animalsouk.ma\/animalerie-maroc\/produit\/croquette-ownat-sans-cereales-chat-adulte-grain-free-3kg\/\" \/>\n<meta property=\"og:locale\" content=\"fr_FR\" \/>\n<meta property=\"og:type\" content=\"article\" \/>\n<meta property=\"og:title\" content=\"Croquette Ownat sans c\u00e9r\u00e9ales chat adulte Grain free 3kg - Animalerie Maroc\" \/>\n<meta property=\"og:description\" content=\"Achetez votre Croquette Ownat sans c\u00e9r\u00e9ales chat adulte Grain free 3kg au meilleur prix au Maroc. Livraison rapide | Animalsouk.ma\" \/>\n<meta property=\"og:url\" content=\"https:\/\/www.animalsouk.ma\/animalerie-maroc\/produit\/croquette-ownat-sans-cereales-chat-adulte-grain-free-3kg\/\" \/>\n<meta property=\"og:site_name\" content=\"Animalerie Maroc\" \/>\n<meta property=\"article:publisher\" content=\"https:\/\/www.facebook.com\/animalsouk.ma\" \/>\n<meta property=\"article:modified_time\" content=\"2026-01-05T16:34:01+00:00\" \/>\n<meta property=\"og:image\" content=\"https:\/\/www.animalsouk.ma\/animalerie-maroc\/wp-content\/uploads\/2025\/08\/ee88ef0eb447a686f27bbe31237c3c72.webp\" \/>\n\t<meta property=\"og:image:width\" content=\"700\" \/>\n\t<meta property=\"og:image:height\" content=\"579\" \/>\n\t<meta property=\"og:image:type\" content=\"image\/webp\" \/>\n<meta name=\"twitter:card\" content=\"summary_large_image\" \/>\n<meta name=\"twitter:label1\" content=\"Dur\u00e9e de lecture estim\u00e9e\" \/>\n\t<meta name=\"twitter:data1\" content=\"2 minutes\" \/>\n<script type=\"application\/ld+json\" class=\"yoast-schema-graph\">{\"@context\":\"https:\\\/\\\/schema.org\",\"@graph\":[{\"@type\":\"WebPage\",\"@id\":\"https:\\\/\\\/www.animalsouk.ma\\\/animalerie-maroc\\\/produit\\\/croquette-ownat-sans-cereales-chat-adulte-grain-free-3kg\\\/\",\"url\":\"https:\\\/\\\/www.animalsouk.ma\\\/animalerie-maroc\\\/produit\\\/croquette-ownat-sans-cereales-chat-adulte-grain-free-3kg\\\/\",\"name\":\"Croquette Ownat sans c\u00e9r\u00e9ales chat adulte Grain free 3kg - Animalerie Maroc\",\"isPartOf\":{\"@id\":\"https:\\\/\\\/www.animalsouk.ma\\\/animalerie-maroc\\\/#website\"},\"primaryImageOfPage\":{\"@id\":\"https:\\\/\\\/www.animalsouk.ma\\\/animalerie-maroc\\\/produit\\\/croquette-ownat-sans-cereales-chat-adulte-grain-free-3kg\\\/#primaryimage\"},\"image\":{\"@id\":\"https:\\\/\\\/www.animalsouk.ma\\\/animalerie-maroc\\\/produit\\\/croquette-ownat-sans-cereales-chat-adulte-grain-free-3kg\\\/#primaryimage\"},\"thumbnailUrl\":\"https:\\\/\\\/www.animalsouk.ma\\\/animalerie-maroc\\\/wp-content\\\/uploads\\\/2025\\\/08\\\/ee88ef0eb447a686f27bbe31237c3c72.webp\",\"datePublished\":\"2025-08-28T23:41:05+00:00\",\"dateModified\":\"2026-01-05T16:34:01+00:00\",\"description\":\"Achetez votre Croquette Ownat sans c\u00e9r\u00e9ales chat adulte Grain free 3kg au meilleur prix au Maroc. Livraison rapide | Animalsouk.ma\",\"breadcrumb\":{\"@id\":\"https:\\\/\\\/www.animalsouk.ma\\\/animalerie-maroc\\\/produit\\\/croquette-ownat-sans-cereales-chat-adulte-grain-free-3kg\\\/#breadcrumb\"},\"inLanguage\":\"fr-FR\",\"potentialAction\":[{\"@type\":\"ReadAction\",\"target\":[\"https:\\\/\\\/www.animalsouk.ma\\\/animalerie-maroc\\\/produit\\\/croquette-ownat-sans-cereales-chat-adulte-grain-free-3kg\\\/\"]}]},{\"@type\":\"ImageObject\",\"inLanguage\":\"fr-FR\",\"@id\":\"https:\\\/\\\/www.animalsouk.ma\\\/animalerie-maroc\\\/produit\\\/croquette-ownat-sans-cereales-chat-adulte-grain-free-3kg\\\/#primaryimage\",\"url\":\"https:\\\/\\\/www.animalsouk.ma\\\/animalerie-maroc\\\/wp-content\\\/uploads\\\/2025\\\/08\\\/ee88ef0eb447a686f27bbe31237c3c72.webp\",\"contentUrl\":\"https:\\\/\\\/www.animalsouk.ma\\\/animalerie-maroc\\\/wp-content\\\/uploads\\\/2025\\\/08\\\/ee88ef0eb447a686f27bbe31237c3c72.webp\",\"width\":700,\"height\":579,\"caption\":\"Croquette Ownat sans c\u00e9r\u00e9ales chat adulte Grain free 3kg\"},{\"@type\":\"BreadcrumbList\",\"@id\":\"https:\\\/\\\/www.animalsouk.ma\\\/animalerie-maroc\\\/produit\\\/croquette-ownat-sans-cereales-chat-adulte-grain-free-3kg\\\/#breadcrumb\",\"itemListElement\":[{\"@type\":\"ListItem\",\"position\":1,\"name\":\"Home\",\"item\":\"https:\\\/\\\/www.animalsouk.ma\\\/animalerie-maroc\\\/\"},{\"@type\":\"ListItem\",\"position\":2,\"name\":\"Boutique\",\"item\":\"https:\\\/\\\/www.animalsouk.ma\\\/animalerie-maroc\\\/boutique\\\/\"},{\"@type\":\"ListItem\",\"position\":3,\"name\":\"Croquette Ownat sans c\u00e9r\u00e9ales chat adulte Grain free 3kg\"}]},{\"@type\":\"WebSite\",\"@id\":\"https:\\\/\\\/www.animalsouk.ma\\\/animalerie-maroc\\\/#website\",\"url\":\"https:\\\/\\\/www.animalsouk.ma\\\/animalerie-maroc\\\/\",\"name\":\"Animalerie de casablanca\",\"description\":\"\",\"publisher\":{\"@id\":\"https:\\\/\\\/www.animalsouk.ma\\\/animalerie-maroc\\\/#organization\"},\"potentialAction\":[{\"@type\":\"SearchAction\",\"target\":{\"@type\":\"EntryPoint\",\"urlTemplate\":\"https:\\\/\\\/www.animalsouk.ma\\\/animalerie-maroc\\\/?s={search_term_string}\"},\"query-input\":{\"@type\":\"PropertyValueSpecification\",\"valueRequired\":true,\"valueName\":\"search_term_string\"}}],\"inLanguage\":\"fr-FR\"},{\"@type\":\"Organization\",\"@id\":\"https:\\\/\\\/www.animalsouk.ma\\\/animalerie-maroc\\\/#organization\",\"name\":\"Animalerie de casablanca\",\"url\":\"https:\\\/\\\/www.animalsouk.ma\\\/animalerie-maroc\\\/\",\"logo\":{\"@type\":\"ImageObject\",\"inLanguage\":\"fr-FR\",\"@id\":\"https:\\\/\\\/www.animalsouk.ma\\\/animalerie-maroc\\\/#\\\/schema\\\/logo\\\/image\\\/\",\"url\":\"https:\\\/\\\/www.animalsouk.ma\\\/animalerie-maroc\\\/wp-content\\\/uploads\\\/2025\\\/10\\\/animalsouk.ma-logo.png\",\"contentUrl\":\"https:\\\/\\\/www.animalsouk.ma\\\/animalerie-maroc\\\/wp-content\\\/uploads\\\/2025\\\/10\\\/animalsouk.ma-logo.png\",\"width\":760,\"height\":231,\"caption\":\"Animalerie de casablanca\"},\"image\":{\"@id\":\"https:\\\/\\\/www.animalsouk.ma\\\/animalerie-maroc\\\/#\\\/schema\\\/logo\\\/image\\\/\"},\"sameAs\":[\"https:\\\/\\\/www.facebook.com\\\/animalsouk.ma\",\"https:\\\/\\\/www.instagram.com\\\/animalsouk.ma\"]}]}<\/script>\n<!-- \/ Yoast SEO plugin. -->","yoast_head_json":{"title":"Croquette Ownat sans c\u00e9r\u00e9ales chat adulte Grain free 3kg - Animalerie Maroc","description":"Achetez votre Croquette Ownat sans c\u00e9r\u00e9ales chat adulte Grain free 3kg au meilleur prix au Maroc. Livraison rapide | Animalsouk.ma","robots":{"index":"index","follow":"follow","max-snippet":"max-snippet:-1","max-image-preview":"max-image-preview:large","max-video-preview":"max-video-preview:-1"},"canonical":"https:\/\/www.animalsouk.ma\/animalerie-maroc\/produit\/croquette-ownat-sans-cereales-chat-adulte-grain-free-3kg\/","og_locale":"fr_FR","og_type":"article","og_title":"Croquette Ownat sans c\u00e9r\u00e9ales chat adulte Grain free 3kg - Animalerie Maroc","og_description":"Achetez votre Croquette Ownat sans c\u00e9r\u00e9ales chat adulte Grain free 3kg au meilleur prix au Maroc. Livraison rapide | Animalsouk.ma","og_url":"https:\/\/www.animalsouk.ma\/animalerie-maroc\/produit\/croquette-ownat-sans-cereales-chat-adulte-grain-free-3kg\/","og_site_name":"Animalerie Maroc","article_publisher":"https:\/\/www.facebook.com\/animalsouk.ma","article_modified_time":"2026-01-05T16:34:01+00:00","og_image":[{"width":700,"height":579,"url":"https:\/\/www.animalsouk.ma\/animalerie-maroc\/wp-content\/uploads\/2025\/08\/ee88ef0eb447a686f27bbe31237c3c72.webp","type":"image\/webp"}],"twitter_card":"summary_large_image","twitter_misc":{"Dur\u00e9e de lecture estim\u00e9e":"2 minutes"},"schema":{"@context":"https:\/\/schema.org","@graph":[{"@type":"WebPage","@id":"https:\/\/www.animalsouk.ma\/animalerie-maroc\/produit\/croquette-ownat-sans-cereales-chat-adulte-grain-free-3kg\/","url":"https:\/\/www.animalsouk.ma\/animalerie-maroc\/produit\/croquette-ownat-sans-cereales-chat-adulte-grain-free-3kg\/","name":"Croquette Ownat sans c\u00e9r\u00e9ales chat adulte Grain free 3kg - Animalerie Maroc","isPartOf":{"@id":"https:\/\/www.animalsouk.ma\/animalerie-maroc\/#website"},"primaryImageOfPage":{"@id":"https:\/\/www.animalsouk.ma\/animalerie-maroc\/produit\/croquette-ownat-sans-cereales-chat-adulte-grain-free-3kg\/#primaryimage"},"image":{"@id":"https:\/\/www.animalsouk.ma\/animalerie-maroc\/produit\/croquette-ownat-sans-cereales-chat-adulte-grain-free-3kg\/#primaryimage"},"thumbnailUrl":"https:\/\/www.animalsouk.ma\/animalerie-maroc\/wp-content\/uploads\/2025\/08\/ee88ef0eb447a686f27bbe31237c3c72.webp","datePublished":"2025-08-28T23:41:05+00:00","dateModified":"2026-01-05T16:34:01+00:00","description":"Achetez votre Croquette Ownat sans c\u00e9r\u00e9ales chat adulte Grain free 3kg au meilleur prix au Maroc. Livraison rapide | Animalsouk.ma","breadcrumb":{"@id":"https:\/\/www.animalsouk.ma\/animalerie-maroc\/produit\/croquette-ownat-sans-cereales-chat-adulte-grain-free-3kg\/#breadcrumb"},"inLanguage":"fr-FR","potentialAction":[{"@type":"ReadAction","target":["https:\/\/www.animalsouk.ma\/animalerie-maroc\/produit\/croquette-ownat-sans-cereales-chat-adulte-grain-free-3kg\/"]}]},{"@type":"ImageObject","inLanguage":"fr-FR","@id":"https:\/\/www.animalsouk.ma\/animalerie-maroc\/produit\/croquette-ownat-sans-cereales-chat-adulte-grain-free-3kg\/#primaryimage","url":"https:\/\/www.animalsouk.ma\/animalerie-maroc\/wp-content\/uploads\/2025\/08\/ee88ef0eb447a686f27bbe31237c3c72.webp","contentUrl":"https:\/\/www.animalsouk.ma\/animalerie-maroc\/wp-content\/uploads\/2025\/08\/ee88ef0eb447a686f27bbe31237c3c72.webp","width":700,"height":579,"caption":"Croquette Ownat sans c\u00e9r\u00e9ales chat adulte Grain free 3kg"},{"@type":"BreadcrumbList","@id":"https:\/\/www.animalsouk.ma\/animalerie-maroc\/produit\/croquette-ownat-sans-cereales-chat-adulte-grain-free-3kg\/#breadcrumb","itemListElement":[{"@type":"ListItem","position":1,"name":"Home","item":"https:\/\/www.animalsouk.ma\/animalerie-maroc\/"},{"@type":"ListItem","position":2,"name":"Boutique","item":"https:\/\/www.animalsouk.ma\/animalerie-maroc\/boutique\/"},{"@type":"ListItem","position":3,"name":"Croquette Ownat sans c\u00e9r\u00e9ales chat adulte Grain free 3kg"}]},{"@type":"WebSite","@id":"https:\/\/www.animalsouk.ma\/animalerie-maroc\/#website","url":"https:\/\/www.animalsouk.ma\/animalerie-maroc\/","name":"Animalerie de casablanca","description":"","publisher":{"@id":"https:\/\/www.animalsouk.ma\/animalerie-maroc\/#organization"},"potentialAction":[{"@type":"SearchAction","target":{"@type":"EntryPoint","urlTemplate":"https:\/\/www.animalsouk.ma\/animalerie-maroc\/?s={search_term_string}"},"query-input":{"@type":"PropertyValueSpecification","valueRequired":true,"valueName":"search_term_string"}}],"inLanguage":"fr-FR"},{"@type":"Organization","@id":"https:\/\/www.animalsouk.ma\/animalerie-maroc\/#organization","name":"Animalerie de casablanca","url":"https:\/\/www.animalsouk.ma\/animalerie-maroc\/","logo":{"@type":"ImageObject","inLanguage":"fr-FR","@id":"https:\/\/www.animalsouk.ma\/animalerie-maroc\/#\/schema\/logo\/image\/","url":"https:\/\/www.animalsouk.ma\/animalerie-maroc\/wp-content\/uploads\/2025\/10\/animalsouk.ma-logo.png","contentUrl":"https:\/\/www.animalsouk.ma\/animalerie-maroc\/wp-content\/uploads\/2025\/10\/animalsouk.ma-logo.png","width":760,"height":231,"caption":"Animalerie de casablanca"},"image":{"@id":"https:\/\/www.animalsouk.ma\/animalerie-maroc\/#\/schema\/logo\/image\/"},"sameAs":["https:\/\/www.facebook.com\/animalsouk.ma","https:\/\/www.instagram.com\/animalsouk.ma"]}]}},"_links":{"self":[{"href":"https:\/\/www.animalsouk.ma\/animalerie-maroc\/wp-json\/wp\/v2\/product\/435","targetHints":{"allow":["GET"]}}],"collection":[{"href":"https:\/\/www.animalsouk.ma\/animalerie-maroc\/wp-json\/wp\/v2\/product"}],"about":[{"href":"https:\/\/www.animalsouk.ma\/animalerie-maroc\/wp-json\/wp\/v2\/types\/product"}],"wp:featuredmedia":[{"embeddable":true,"href":"https:\/\/www.animalsouk.ma\/animalerie-maroc\/wp-json\/wp\/v2\/media\/434"}],"wp:attachment":[{"href":"https:\/\/www.animalsouk.ma\/animalerie-maroc\/wp-json\/wp\/v2\/media?parent=435"}],"wp:term":[{"taxonomy":"product_brand","embeddable":true,"href":"https:\/\/www.animalsouk.ma\/animalerie-maroc\/wp-json\/wp\/v2\/product_brand?post=435"},{"taxonomy":"product_cat","embeddable":true,"href":"https:\/\/www.animalsouk.ma\/animalerie-maroc\/wp-json\/wp\/v2\/product_cat?post=435"},{"taxonomy":"product_tag","embeddable":true,"href":"https:\/\/www.animalsouk.ma\/animalerie-maroc\/wp-json\/wp\/v2\/product_tag?post=435"}],"curies":[{"name":"wp","href":"https:\/\/api.w.org\/{rel}","templated":true}]}}