{"id":1983,"date":"2026-04-20T02:44:22","date_gmt":"2026-04-20T00:44:22","guid":{"rendered":"https:\/\/www.animalsouk.ma\/animalerie-maroc\/?post_type=product&#038;p=1983"},"modified":"2026-04-20T02:44:22","modified_gmt":"2026-04-20T00:44:22","slug":"brit-premium-pochon-saumon-pour-chat-sterilise-100g","status":"publish","type":"product","link":"https:\/\/www.animalsouk.ma\/animalerie-maroc\/produit\/brit-premium-pochon-saumon-pour-chat-sterilise-100g\/","title":{"rendered":"Brit Premium Pochon Saumon pour chat st\u00e9rilis\u00e9 100g"},"content":{"rendered":"<div class=\"c-product__section l-section  c-product__section--boxed  l-section--top-margin \">\n<div class=\"c-product__tabs-fullwidth  c-tabs js-ip-tabs\">\n<div class=\"c-tabs__list\">\n<div id=\"tab-description-1\" class=\"c-tabs__item visible active\">\n<div class=\"c-product__tabs-fullwidth-content c-product__tabs-fullwidth-content--description\">\n<div class=\"entry-content\">\n<p><strong>Morceaux au saumon en sauce pour chats st\u00e9rilis\u00e9s.<\/strong>\u00a0Nourriture humide compl\u00e8te de qualit\u00e9 pour chats st\u00e9rilis\u00e9s.<\/p>\n<p>Les variantes de saveur respectent les pr\u00e9f\u00e9rences naturelles des chats et leurs besoins nutritionnels en termes d\u2019\u00e2ge ou de nutrition particuli\u00e8re. Le d\u00e9licieux jus souligne le go\u00fbt des morceaux de viande et fournit au chat les liquides n\u00e9cessaires.<\/p>\n<p class=\"composition\"><strong>Composition:<\/strong><\/p>\n<p>Viandes et sous-produits d\u2019origine animale (78 % en morceaux), poissons et sous-produits de poissons (9,3 % saumon en morceaux), sous-produits d\u2019origine v\u00e9g\u00e9tale (0,4 % inuline), min\u00e9raux. Sans colorants, sans conservateurs.<\/p>\n<p><strong>Composants analytiques :<\/strong><\/p>\n<p>prot\u00e9ines brutes 8,5 %, mati\u00e8res grasses brutes 3 %, cendres brutes 2,5 %, fibres brutes 1 %, humidit\u00e9 82 %.<\/p>\n<p><strong>Composition nutritionnelle :<\/strong><\/p>\n<p>Vitamine D3 (3a671) 160 UI, Vitamine E (3a700) 100 mg, Zinc (3b605) 10 mg, Mangan\u00e8se (3b502) 2 mg, Cuivre (3b405) 1,2 mg, Iode (3b202) 0,2 mg, Taurine ( 3a370) 520 mg , Biotine 0,1 mg.<\/p>\n<\/div>\n<\/div>\n<\/div>\n<\/div>\n<\/div>\n<\/div>\n<div class=\"c-product__after-summary  c-product__after-summary--boxed \"><\/div>\n","protected":false},"excerpt":{"rendered":"<p>Morceaux au saumon en sauce pour chats st\u00e9rilis\u00e9s.\u00a0Nourriture humide compl\u00e8te de qualit\u00e9 pour chats st\u00e9rilis\u00e9s. Les variantes de saveur respectent les pr\u00e9f\u00e9rences naturelles des chats et leurs besoins nutritionnels en termes d\u2019\u00e2ge ou de nutrition particuli\u00e8re. Le d\u00e9licieux jus souligne le go\u00fbt des morceaux de viande et fournit au chat les liquides n\u00e9cessaires. Composition: Viandes [&#8230;]\n","protected":false},"featured_media":1984,"template":"","meta":[],"product_brand":[42],"product_cat":[18],"product_tag":[],"class_list":{"0":"post-1983","1":"product","2":"type-product","3":"status-publish","4":"has-post-thumbnail","6":"product_brand-brit","7":"product_cat-alimentation-pour-chats","9":"first","10":"instock","11":"shipping-taxable","12":"purchasable","13":"product-type-simple"},"yoast_head":"<!-- This site is optimized with the Yoast SEO plugin v27.3 - https:\/\/yoast.com\/product\/yoast-seo-wordpress\/ -->\n<title>Brit Premium Pochon Saumon pour chat st\u00e9rilis\u00e9 100g - Animalerie Maroc<\/title>\n<meta name=\"description\" content=\"Achetez votre Brit Premium Pochon Saumon pour chat st\u00e9rilis\u00e9 100g au meilleur prix au Maroc. Livraison rapide | Animalsouk.ma\" \/>\n<meta name=\"robots\" content=\"index, follow, max-snippet:-1, max-image-preview:large, max-video-preview:-1\" \/>\n<link rel=\"canonical\" href=\"https:\/\/www.animalsouk.ma\/animalerie-maroc\/produit\/brit-premium-pochon-saumon-pour-chat-sterilise-100g\/\" \/>\n<meta property=\"og:locale\" content=\"fr_FR\" \/>\n<meta property=\"og:type\" content=\"article\" \/>\n<meta property=\"og:title\" content=\"Brit Premium Pochon Saumon pour chat st\u00e9rilis\u00e9 100g - Animalerie Maroc\" \/>\n<meta property=\"og:description\" content=\"Achetez votre Brit Premium Pochon Saumon pour chat st\u00e9rilis\u00e9 100g au meilleur prix au Maroc. Livraison rapide | Animalsouk.ma\" \/>\n<meta property=\"og:url\" content=\"https:\/\/www.animalsouk.ma\/animalerie-maroc\/produit\/brit-premium-pochon-saumon-pour-chat-sterilise-100g\/\" \/>\n<meta property=\"og:site_name\" content=\"Animalerie Maroc\" \/>\n<meta property=\"article:publisher\" content=\"https:\/\/www.facebook.com\/animalsouk.ma\" \/>\n<meta property=\"og:image\" content=\"https:\/\/www.animalsouk.ma\/animalerie-maroc\/wp-content\/uploads\/2026\/04\/nsajs.png\" \/>\n\t<meta property=\"og:image:width\" content=\"928\" \/>\n\t<meta property=\"og:image:height\" content=\"770\" \/>\n\t<meta property=\"og:image:type\" content=\"image\/png\" \/>\n<meta name=\"twitter:card\" content=\"summary_large_image\" \/>\n<meta name=\"twitter:label1\" content=\"Dur\u00e9e de lecture estim\u00e9e\" \/>\n\t<meta name=\"twitter:data1\" content=\"1 minute\" \/>\n<script type=\"application\/ld+json\" class=\"yoast-schema-graph\">{\"@context\":\"https:\\\/\\\/schema.org\",\"@graph\":[{\"@type\":\"WebPage\",\"@id\":\"https:\\\/\\\/www.animalsouk.ma\\\/animalerie-maroc\\\/produit\\\/brit-premium-pochon-saumon-pour-chat-sterilise-100g\\\/\",\"url\":\"https:\\\/\\\/www.animalsouk.ma\\\/animalerie-maroc\\\/produit\\\/brit-premium-pochon-saumon-pour-chat-sterilise-100g\\\/\",\"name\":\"Brit Premium Pochon Saumon pour chat st\u00e9rilis\u00e9 100g - Animalerie Maroc\",\"isPartOf\":{\"@id\":\"https:\\\/\\\/www.animalsouk.ma\\\/animalerie-maroc\\\/#website\"},\"primaryImageOfPage\":{\"@id\":\"https:\\\/\\\/www.animalsouk.ma\\\/animalerie-maroc\\\/produit\\\/brit-premium-pochon-saumon-pour-chat-sterilise-100g\\\/#primaryimage\"},\"image\":{\"@id\":\"https:\\\/\\\/www.animalsouk.ma\\\/animalerie-maroc\\\/produit\\\/brit-premium-pochon-saumon-pour-chat-sterilise-100g\\\/#primaryimage\"},\"thumbnailUrl\":\"https:\\\/\\\/www.animalsouk.ma\\\/animalerie-maroc\\\/wp-content\\\/uploads\\\/2026\\\/04\\\/nsajs.png\",\"datePublished\":\"2026-04-20T00:44:22+00:00\",\"description\":\"Achetez votre Brit Premium Pochon Saumon pour chat st\u00e9rilis\u00e9 100g au meilleur prix au Maroc. Livraison rapide | Animalsouk.ma\",\"breadcrumb\":{\"@id\":\"https:\\\/\\\/www.animalsouk.ma\\\/animalerie-maroc\\\/produit\\\/brit-premium-pochon-saumon-pour-chat-sterilise-100g\\\/#breadcrumb\"},\"inLanguage\":\"fr-FR\",\"potentialAction\":[{\"@type\":\"ReadAction\",\"target\":[\"https:\\\/\\\/www.animalsouk.ma\\\/animalerie-maroc\\\/produit\\\/brit-premium-pochon-saumon-pour-chat-sterilise-100g\\\/\"]}]},{\"@type\":\"ImageObject\",\"inLanguage\":\"fr-FR\",\"@id\":\"https:\\\/\\\/www.animalsouk.ma\\\/animalerie-maroc\\\/produit\\\/brit-premium-pochon-saumon-pour-chat-sterilise-100g\\\/#primaryimage\",\"url\":\"https:\\\/\\\/www.animalsouk.ma\\\/animalerie-maroc\\\/wp-content\\\/uploads\\\/2026\\\/04\\\/nsajs.png\",\"contentUrl\":\"https:\\\/\\\/www.animalsouk.ma\\\/animalerie-maroc\\\/wp-content\\\/uploads\\\/2026\\\/04\\\/nsajs.png\",\"width\":928,\"height\":770},{\"@type\":\"BreadcrumbList\",\"@id\":\"https:\\\/\\\/www.animalsouk.ma\\\/animalerie-maroc\\\/produit\\\/brit-premium-pochon-saumon-pour-chat-sterilise-100g\\\/#breadcrumb\",\"itemListElement\":[{\"@type\":\"ListItem\",\"position\":1,\"name\":\"Home\",\"item\":\"https:\\\/\\\/www.animalsouk.ma\\\/animalerie-maroc\\\/\"},{\"@type\":\"ListItem\",\"position\":2,\"name\":\"Boutique\",\"item\":\"https:\\\/\\\/www.animalsouk.ma\\\/animalerie-maroc\\\/boutique\\\/\"},{\"@type\":\"ListItem\",\"position\":3,\"name\":\"Brit Premium Pochon Saumon pour chat st\u00e9rilis\u00e9 100g\"}]},{\"@type\":\"WebSite\",\"@id\":\"https:\\\/\\\/www.animalsouk.ma\\\/animalerie-maroc\\\/#website\",\"url\":\"https:\\\/\\\/www.animalsouk.ma\\\/animalerie-maroc\\\/\",\"name\":\"Animalerie de casablanca\",\"description\":\"\",\"publisher\":{\"@id\":\"https:\\\/\\\/www.animalsouk.ma\\\/animalerie-maroc\\\/#organization\"},\"potentialAction\":[{\"@type\":\"SearchAction\",\"target\":{\"@type\":\"EntryPoint\",\"urlTemplate\":\"https:\\\/\\\/www.animalsouk.ma\\\/animalerie-maroc\\\/?s={search_term_string}\"},\"query-input\":{\"@type\":\"PropertyValueSpecification\",\"valueRequired\":true,\"valueName\":\"search_term_string\"}}],\"inLanguage\":\"fr-FR\"},{\"@type\":\"Organization\",\"@id\":\"https:\\\/\\\/www.animalsouk.ma\\\/animalerie-maroc\\\/#organization\",\"name\":\"Animalerie de casablanca\",\"url\":\"https:\\\/\\\/www.animalsouk.ma\\\/animalerie-maroc\\\/\",\"logo\":{\"@type\":\"ImageObject\",\"inLanguage\":\"fr-FR\",\"@id\":\"https:\\\/\\\/www.animalsouk.ma\\\/animalerie-maroc\\\/#\\\/schema\\\/logo\\\/image\\\/\",\"url\":\"https:\\\/\\\/www.animalsouk.ma\\\/animalerie-maroc\\\/wp-content\\\/uploads\\\/2025\\\/10\\\/animalsouk.ma-logo.png\",\"contentUrl\":\"https:\\\/\\\/www.animalsouk.ma\\\/animalerie-maroc\\\/wp-content\\\/uploads\\\/2025\\\/10\\\/animalsouk.ma-logo.png\",\"width\":760,\"height\":231,\"caption\":\"Animalerie de casablanca\"},\"image\":{\"@id\":\"https:\\\/\\\/www.animalsouk.ma\\\/animalerie-maroc\\\/#\\\/schema\\\/logo\\\/image\\\/\"},\"sameAs\":[\"https:\\\/\\\/www.facebook.com\\\/animalsouk.ma\",\"https:\\\/\\\/www.instagram.com\\\/animalsouk.ma\"]}]}<\/script>\n<!-- \/ Yoast SEO plugin. -->","yoast_head_json":{"title":"Brit Premium Pochon Saumon pour chat st\u00e9rilis\u00e9 100g - Animalerie Maroc","description":"Achetez votre Brit Premium Pochon Saumon pour chat st\u00e9rilis\u00e9 100g au meilleur prix au Maroc. Livraison rapide | Animalsouk.ma","robots":{"index":"index","follow":"follow","max-snippet":"max-snippet:-1","max-image-preview":"max-image-preview:large","max-video-preview":"max-video-preview:-1"},"canonical":"https:\/\/www.animalsouk.ma\/animalerie-maroc\/produit\/brit-premium-pochon-saumon-pour-chat-sterilise-100g\/","og_locale":"fr_FR","og_type":"article","og_title":"Brit Premium Pochon Saumon pour chat st\u00e9rilis\u00e9 100g - Animalerie Maroc","og_description":"Achetez votre Brit Premium Pochon Saumon pour chat st\u00e9rilis\u00e9 100g au meilleur prix au Maroc. Livraison rapide | Animalsouk.ma","og_url":"https:\/\/www.animalsouk.ma\/animalerie-maroc\/produit\/brit-premium-pochon-saumon-pour-chat-sterilise-100g\/","og_site_name":"Animalerie Maroc","article_publisher":"https:\/\/www.facebook.com\/animalsouk.ma","og_image":[{"width":928,"height":770,"url":"https:\/\/www.animalsouk.ma\/animalerie-maroc\/wp-content\/uploads\/2026\/04\/nsajs.png","type":"image\/png"}],"twitter_card":"summary_large_image","twitter_misc":{"Dur\u00e9e de lecture estim\u00e9e":"1 minute"},"schema":{"@context":"https:\/\/schema.org","@graph":[{"@type":"WebPage","@id":"https:\/\/www.animalsouk.ma\/animalerie-maroc\/produit\/brit-premium-pochon-saumon-pour-chat-sterilise-100g\/","url":"https:\/\/www.animalsouk.ma\/animalerie-maroc\/produit\/brit-premium-pochon-saumon-pour-chat-sterilise-100g\/","name":"Brit Premium Pochon Saumon pour chat st\u00e9rilis\u00e9 100g - Animalerie Maroc","isPartOf":{"@id":"https:\/\/www.animalsouk.ma\/animalerie-maroc\/#website"},"primaryImageOfPage":{"@id":"https:\/\/www.animalsouk.ma\/animalerie-maroc\/produit\/brit-premium-pochon-saumon-pour-chat-sterilise-100g\/#primaryimage"},"image":{"@id":"https:\/\/www.animalsouk.ma\/animalerie-maroc\/produit\/brit-premium-pochon-saumon-pour-chat-sterilise-100g\/#primaryimage"},"thumbnailUrl":"https:\/\/www.animalsouk.ma\/animalerie-maroc\/wp-content\/uploads\/2026\/04\/nsajs.png","datePublished":"2026-04-20T00:44:22+00:00","description":"Achetez votre Brit Premium Pochon Saumon pour chat st\u00e9rilis\u00e9 100g au meilleur prix au Maroc. Livraison rapide | Animalsouk.ma","breadcrumb":{"@id":"https:\/\/www.animalsouk.ma\/animalerie-maroc\/produit\/brit-premium-pochon-saumon-pour-chat-sterilise-100g\/#breadcrumb"},"inLanguage":"fr-FR","potentialAction":[{"@type":"ReadAction","target":["https:\/\/www.animalsouk.ma\/animalerie-maroc\/produit\/brit-premium-pochon-saumon-pour-chat-sterilise-100g\/"]}]},{"@type":"ImageObject","inLanguage":"fr-FR","@id":"https:\/\/www.animalsouk.ma\/animalerie-maroc\/produit\/brit-premium-pochon-saumon-pour-chat-sterilise-100g\/#primaryimage","url":"https:\/\/www.animalsouk.ma\/animalerie-maroc\/wp-content\/uploads\/2026\/04\/nsajs.png","contentUrl":"https:\/\/www.animalsouk.ma\/animalerie-maroc\/wp-content\/uploads\/2026\/04\/nsajs.png","width":928,"height":770},{"@type":"BreadcrumbList","@id":"https:\/\/www.animalsouk.ma\/animalerie-maroc\/produit\/brit-premium-pochon-saumon-pour-chat-sterilise-100g\/#breadcrumb","itemListElement":[{"@type":"ListItem","position":1,"name":"Home","item":"https:\/\/www.animalsouk.ma\/animalerie-maroc\/"},{"@type":"ListItem","position":2,"name":"Boutique","item":"https:\/\/www.animalsouk.ma\/animalerie-maroc\/boutique\/"},{"@type":"ListItem","position":3,"name":"Brit Premium Pochon Saumon pour chat st\u00e9rilis\u00e9 100g"}]},{"@type":"WebSite","@id":"https:\/\/www.animalsouk.ma\/animalerie-maroc\/#website","url":"https:\/\/www.animalsouk.ma\/animalerie-maroc\/","name":"Animalerie de casablanca","description":"","publisher":{"@id":"https:\/\/www.animalsouk.ma\/animalerie-maroc\/#organization"},"potentialAction":[{"@type":"SearchAction","target":{"@type":"EntryPoint","urlTemplate":"https:\/\/www.animalsouk.ma\/animalerie-maroc\/?s={search_term_string}"},"query-input":{"@type":"PropertyValueSpecification","valueRequired":true,"valueName":"search_term_string"}}],"inLanguage":"fr-FR"},{"@type":"Organization","@id":"https:\/\/www.animalsouk.ma\/animalerie-maroc\/#organization","name":"Animalerie de casablanca","url":"https:\/\/www.animalsouk.ma\/animalerie-maroc\/","logo":{"@type":"ImageObject","inLanguage":"fr-FR","@id":"https:\/\/www.animalsouk.ma\/animalerie-maroc\/#\/schema\/logo\/image\/","url":"https:\/\/www.animalsouk.ma\/animalerie-maroc\/wp-content\/uploads\/2025\/10\/animalsouk.ma-logo.png","contentUrl":"https:\/\/www.animalsouk.ma\/animalerie-maroc\/wp-content\/uploads\/2025\/10\/animalsouk.ma-logo.png","width":760,"height":231,"caption":"Animalerie de casablanca"},"image":{"@id":"https:\/\/www.animalsouk.ma\/animalerie-maroc\/#\/schema\/logo\/image\/"},"sameAs":["https:\/\/www.facebook.com\/animalsouk.ma","https:\/\/www.instagram.com\/animalsouk.ma"]}]}},"_links":{"self":[{"href":"https:\/\/www.animalsouk.ma\/animalerie-maroc\/wp-json\/wp\/v2\/product\/1983","targetHints":{"allow":["GET"]}}],"collection":[{"href":"https:\/\/www.animalsouk.ma\/animalerie-maroc\/wp-json\/wp\/v2\/product"}],"about":[{"href":"https:\/\/www.animalsouk.ma\/animalerie-maroc\/wp-json\/wp\/v2\/types\/product"}],"wp:featuredmedia":[{"embeddable":true,"href":"https:\/\/www.animalsouk.ma\/animalerie-maroc\/wp-json\/wp\/v2\/media\/1984"}],"wp:attachment":[{"href":"https:\/\/www.animalsouk.ma\/animalerie-maroc\/wp-json\/wp\/v2\/media?parent=1983"}],"wp:term":[{"taxonomy":"product_brand","embeddable":true,"href":"https:\/\/www.animalsouk.ma\/animalerie-maroc\/wp-json\/wp\/v2\/product_brand?post=1983"},{"taxonomy":"product_cat","embeddable":true,"href":"https:\/\/www.animalsouk.ma\/animalerie-maroc\/wp-json\/wp\/v2\/product_cat?post=1983"},{"taxonomy":"product_tag","embeddable":true,"href":"https:\/\/www.animalsouk.ma\/animalerie-maroc\/wp-json\/wp\/v2\/product_tag?post=1983"}],"curies":[{"name":"wp","href":"https:\/\/api.w.org\/{rel}","templated":true}]}}