{"id":1867,"date":"2026-03-29T21:33:17","date_gmt":"2026-03-29T19:33:17","guid":{"rendered":"https:\/\/www.animalsouk.ma\/animalerie-maroc\/?post_type=product&#038;p=1867"},"modified":"2026-03-29T21:54:15","modified_gmt":"2026-03-29T19:54:15","slug":"royal-canin-patee-en-sauce-pour-chats-adults-instinctive-85g","status":"publish","type":"product","link":"https:\/\/www.animalsouk.ma\/animalerie-maroc\/produit\/royal-canin-patee-en-sauce-pour-chats-adults-instinctive-85g\/","title":{"rendered":"Royal Canin p\u00e2t\u00e9e en sauce pour chats adults instinctive 85g"},"content":{"rendered":"<div class=\"ProductDescription-module_product-description__VaRC0\" data-qa=\"product-description\">\n<div class=\"ShowMoreLess-module_wrapper__o7OmT ShowMoreLess-module_clamped__MOcCz\">\n<p>Aliment complet pour chats adultes (\u00e9minc\u00e9 en sauce).<\/p>\n<\/div>\n<\/div>\n<div class=\"ProductDetailsPage-module_addToCartSection__Fdndj\">\n<div class=\"ProductExistingFormats-module_wrapper__d1fn8\" data-qa=\"existing-formats\">\n<div class=\"ShowMoreLess-module_wrapper__o7OmT \">\n<p>Lorsque vous nourrissez votre chat, il est possible de concilier ce qu\u2019il veut r\u00e9ellement manger et ce dont il a besoin afin de maintenir sa bonne sant\u00e9 nutritionnelle. Choisir le bon r\u00e9gime alimentaire pour votre chat est essentiel au maintien d\u2019un mode de vie sain. De plus, si votre chat appr\u00e9cie ce qu\u2019il mange, il en sera d\u2019autant plus agr\u00e9able. ROYAL CANIN\u00ae Instinctive en Sauce est con\u00e7u pour correspondre au profil macro-nutritionnel optimal que les chats adultes pr\u00e9f\u00e8rent instinctivement. Ses nutriments soigneusement choisis pour la meilleure palatabilit\u00e9 possible en font un plat auquel votre chat ne pourra tout simplement pas r\u00e9sister. Incluant un vaste assortiment de vitamines, de min\u00e9raux et d\u2019acides amin\u00e9s (tous n\u00e9cessaires au maintien d\u2019une bonne sant\u00e9 g\u00e9n\u00e9rale et \u00e0 une croissance r\u00e9guli\u00e8re), ROYAL CANIN\u00ae Instinctive en Sauce offre \u00e0 votre chat une nourriture \u00e0 la fois tr\u00e8s digeste et \u00e9quilibr\u00e9e sur le plan nutritionnel. Ce m\u00e9lange de nutriments n\u2019a pas seulement \u00e9t\u00e9 \u00e9labor\u00e9 pour \u00eatre pr\u00e9f\u00e9r\u00e9 d\u2019instinct et \u00eatre sain sur le plan nutritionnel, mais aussi pour aider votre chat \u00e0 maintenir son poids de forme et \u00e0 renforcer le bon fonctionnement de son syst\u00e8me urinaire. ROYAL CANIN\u00ae Instinctive en Sauce poss\u00e8de une teneur optimale en mati\u00e8res grasses afin d\u2019entretenir le niveau d\u2019\u00e9nergie de votre chat. De plus, le m\u00e9lange de fibres et de prot\u00e9ines contribue \u00e0 la sensation de sati\u00e9t\u00e9. Pour r\u00e9pondre aux pr\u00e9f\u00e9rences individuelles de chaque chat, ROYAL CANIN\u00ae Instinctive est \u00e9galement disponible en gel\u00e9e succulente ou en pain moelleux et savoureux.<\/p>\n<\/div>\n<div class=\"ShowMoreLess-module_buttoncontainer__D1rhB \">\n<div class=\"ProductNutritionalInfo-module_nutritional-info-item__j3XbH ProductNutritionalInfo-module_expanded__UmYWW\" data-testid=\"product-nutrition-item\" data-qa=\"product-nutritional-info-item\">\n<div class=\"ProductNutritionalInfo-module_nutritional-item-wrapper__pSFgq\">\n<div class=\"ProductNutritionalInfo-module_nutritional-item-content-wrapper__igckI\" data-testid=\"product-nutrition-content\" aria-expanded=\"true\"><strong>Composition :<\/strong> viandes et sous-produits animaux, poissons et sous-produits de poisson, extraits de prot\u00e9ines v\u00e9g\u00e9tales, c\u00e9r\u00e9ales, sous-produits d\u2019origine v\u00e9g\u00e9tale, substances min\u00e9rales, sucres.<\/div>\n<\/div>\n<\/div>\n<div class=\"ProductNutritionalInfo-module_nutritional-info-item__j3XbH\" data-testid=\"product-nutrition-item\" data-qa=\"product-nutritional-info-item\">\n<div class=\"ProductNutritionalInfo-module_nutritional-item-wrapper__pSFgq\"><\/div>\n<\/div>\n<\/div>\n<\/div>\n<\/div>\n","protected":false},"excerpt":{"rendered":"<p>Aliment complet pour chats adultes (\u00e9minc\u00e9 en sauce). Lorsque vous nourrissez votre chat, il est possible de concilier ce qu\u2019il veut r\u00e9ellement manger et ce dont il a besoin afin de maintenir sa bonne sant\u00e9 nutritionnelle. Choisir le bon r\u00e9gime alimentaire pour votre chat est essentiel au maintien d\u2019un mode de vie sain. De plus, [&#8230;]\n","protected":false},"featured_media":1868,"template":"","meta":[],"product_brand":[31],"product_cat":[18],"product_tag":[89],"class_list":{"0":"post-1867","1":"product","2":"type-product","3":"status-publish","4":"has-post-thumbnail","6":"product_brand-royal-canin","7":"product_cat-alimentation-pour-chats","8":"product_tag-pate-sauce-chat","10":"first","11":"instock","12":"shipping-taxable","13":"purchasable","14":"product-type-simple"},"yoast_head":"<!-- This site is optimized with the Yoast SEO plugin v27.1.1 - https:\/\/yoast.com\/product\/yoast-seo-wordpress\/ -->\n<title>Royal Canin p\u00e2t\u00e9e en sauce pour chats adults instinctive 85g - Animalerie Maroc<\/title>\n<meta name=\"description\" content=\"Achetez votre Royal Canin p\u00e2t\u00e9e en sauce pour chats adults instinctive 85g au meilleur prix au Maroc. Livraison rapide | Animalsouk.ma\" \/>\n<meta name=\"robots\" content=\"index, follow, max-snippet:-1, max-image-preview:large, max-video-preview:-1\" \/>\n<link rel=\"canonical\" href=\"https:\/\/www.animalsouk.ma\/animalerie-maroc\/produit\/royal-canin-patee-en-sauce-pour-chats-adults-instinctive-85g\/\" \/>\n<meta property=\"og:locale\" content=\"fr_FR\" \/>\n<meta property=\"og:type\" content=\"article\" \/>\n<meta property=\"og:title\" content=\"Royal Canin p\u00e2t\u00e9e en sauce pour chats adults instinctive 85g - Animalerie Maroc\" \/>\n<meta property=\"og:description\" content=\"Achetez votre Royal Canin p\u00e2t\u00e9e en sauce pour chats adults instinctive 85g au meilleur prix au Maroc. Livraison rapide | Animalsouk.ma\" \/>\n<meta property=\"og:url\" content=\"https:\/\/www.animalsouk.ma\/animalerie-maroc\/produit\/royal-canin-patee-en-sauce-pour-chats-adults-instinctive-85g\/\" \/>\n<meta property=\"og:site_name\" content=\"Animalerie Maroc\" \/>\n<meta property=\"article:publisher\" content=\"https:\/\/www.facebook.com\/animalsouk.ma\" \/>\n<meta property=\"article:modified_time\" content=\"2026-03-29T19:54:15+00:00\" \/>\n<meta property=\"og:image\" content=\"https:\/\/www.animalsouk.ma\/animalerie-maroc\/wp-content\/uploads\/2026\/03\/dddsq.png\" \/>\n\t<meta property=\"og:image:width\" content=\"928\" \/>\n\t<meta property=\"og:image:height\" content=\"770\" \/>\n\t<meta property=\"og:image:type\" content=\"image\/png\" \/>\n<meta name=\"twitter:card\" content=\"summary_large_image\" \/>\n<meta name=\"twitter:label1\" content=\"Dur\u00e9e de lecture estim\u00e9e\" \/>\n\t<meta name=\"twitter:data1\" content=\"2 minutes\" \/>\n<script type=\"application\/ld+json\" class=\"yoast-schema-graph\">{\"@context\":\"https:\/\/schema.org\",\"@graph\":[{\"@type\":\"WebPage\",\"@id\":\"https:\/\/www.animalsouk.ma\/animalerie-maroc\/produit\/royal-canin-patee-en-sauce-pour-chats-adults-instinctive-85g\/\",\"url\":\"https:\/\/www.animalsouk.ma\/animalerie-maroc\/produit\/royal-canin-patee-en-sauce-pour-chats-adults-instinctive-85g\/\",\"name\":\"Royal Canin p\u00e2t\u00e9e en sauce pour chats adults instinctive 85g - Animalerie Maroc\",\"isPartOf\":{\"@id\":\"https:\/\/www.animalsouk.ma\/animalerie-maroc\/#website\"},\"primaryImageOfPage\":{\"@id\":\"https:\/\/www.animalsouk.ma\/animalerie-maroc\/produit\/royal-canin-patee-en-sauce-pour-chats-adults-instinctive-85g\/#primaryimage\"},\"image\":{\"@id\":\"https:\/\/www.animalsouk.ma\/animalerie-maroc\/produit\/royal-canin-patee-en-sauce-pour-chats-adults-instinctive-85g\/#primaryimage\"},\"thumbnailUrl\":\"https:\/\/www.animalsouk.ma\/animalerie-maroc\/wp-content\/uploads\/2026\/03\/dddsq.png\",\"datePublished\":\"2026-03-29T19:33:17+00:00\",\"dateModified\":\"2026-03-29T19:54:15+00:00\",\"description\":\"Achetez votre Royal Canin p\u00e2t\u00e9e en sauce pour chats adults instinctive 85g au meilleur prix au Maroc. Livraison rapide | Animalsouk.ma\",\"breadcrumb\":{\"@id\":\"https:\/\/www.animalsouk.ma\/animalerie-maroc\/produit\/royal-canin-patee-en-sauce-pour-chats-adults-instinctive-85g\/#breadcrumb\"},\"inLanguage\":\"fr-FR\",\"potentialAction\":[{\"@type\":\"ReadAction\",\"target\":[\"https:\/\/www.animalsouk.ma\/animalerie-maroc\/produit\/royal-canin-patee-en-sauce-pour-chats-adults-instinctive-85g\/\"]}]},{\"@type\":\"ImageObject\",\"inLanguage\":\"fr-FR\",\"@id\":\"https:\/\/www.animalsouk.ma\/animalerie-maroc\/produit\/royal-canin-patee-en-sauce-pour-chats-adults-instinctive-85g\/#primaryimage\",\"url\":\"https:\/\/www.animalsouk.ma\/animalerie-maroc\/wp-content\/uploads\/2026\/03\/dddsq.png\",\"contentUrl\":\"https:\/\/www.animalsouk.ma\/animalerie-maroc\/wp-content\/uploads\/2026\/03\/dddsq.png\",\"width\":928,\"height\":770},{\"@type\":\"BreadcrumbList\",\"@id\":\"https:\/\/www.animalsouk.ma\/animalerie-maroc\/produit\/royal-canin-patee-en-sauce-pour-chats-adults-instinctive-85g\/#breadcrumb\",\"itemListElement\":[{\"@type\":\"ListItem\",\"position\":1,\"name\":\"Home\",\"item\":\"https:\/\/www.animalsouk.ma\/animalerie-maroc\/\"},{\"@type\":\"ListItem\",\"position\":2,\"name\":\"Boutique\",\"item\":\"https:\/\/www.animalsouk.ma\/animalerie-maroc\/boutique\/\"},{\"@type\":\"ListItem\",\"position\":3,\"name\":\"Royal Canin p\u00e2t\u00e9e en sauce pour chats adults instinctive 85g\"}]},{\"@type\":\"WebSite\",\"@id\":\"https:\/\/www.animalsouk.ma\/animalerie-maroc\/#website\",\"url\":\"https:\/\/www.animalsouk.ma\/animalerie-maroc\/\",\"name\":\"Animalerie de casablanca\",\"description\":\"\",\"publisher\":{\"@id\":\"https:\/\/www.animalsouk.ma\/animalerie-maroc\/#organization\"},\"potentialAction\":[{\"@type\":\"SearchAction\",\"target\":{\"@type\":\"EntryPoint\",\"urlTemplate\":\"https:\/\/www.animalsouk.ma\/animalerie-maroc\/?s={search_term_string}\"},\"query-input\":{\"@type\":\"PropertyValueSpecification\",\"valueRequired\":true,\"valueName\":\"search_term_string\"}}],\"inLanguage\":\"fr-FR\"},{\"@type\":\"Organization\",\"@id\":\"https:\/\/www.animalsouk.ma\/animalerie-maroc\/#organization\",\"name\":\"Animalerie de casablanca\",\"url\":\"https:\/\/www.animalsouk.ma\/animalerie-maroc\/\",\"logo\":{\"@type\":\"ImageObject\",\"inLanguage\":\"fr-FR\",\"@id\":\"https:\/\/www.animalsouk.ma\/animalerie-maroc\/#\/schema\/logo\/image\/\",\"url\":\"https:\/\/www.animalsouk.ma\/animalerie-maroc\/wp-content\/uploads\/2025\/10\/animalsouk.ma-logo.png\",\"contentUrl\":\"https:\/\/www.animalsouk.ma\/animalerie-maroc\/wp-content\/uploads\/2025\/10\/animalsouk.ma-logo.png\",\"width\":760,\"height\":231,\"caption\":\"Animalerie de casablanca\"},\"image\":{\"@id\":\"https:\/\/www.animalsouk.ma\/animalerie-maroc\/#\/schema\/logo\/image\/\"},\"sameAs\":[\"https:\/\/www.facebook.com\/animalsouk.ma\",\"https:\/\/www.instagram.com\/animalsouk.ma\"]}]}<\/script>\n<!-- \/ Yoast SEO plugin. -->","yoast_head_json":{"title":"Royal Canin p\u00e2t\u00e9e en sauce pour chats adults instinctive 85g - Animalerie Maroc","description":"Achetez votre Royal Canin p\u00e2t\u00e9e en sauce pour chats adults instinctive 85g au meilleur prix au Maroc. Livraison rapide | Animalsouk.ma","robots":{"index":"index","follow":"follow","max-snippet":"max-snippet:-1","max-image-preview":"max-image-preview:large","max-video-preview":"max-video-preview:-1"},"canonical":"https:\/\/www.animalsouk.ma\/animalerie-maroc\/produit\/royal-canin-patee-en-sauce-pour-chats-adults-instinctive-85g\/","og_locale":"fr_FR","og_type":"article","og_title":"Royal Canin p\u00e2t\u00e9e en sauce pour chats adults instinctive 85g - Animalerie Maroc","og_description":"Achetez votre Royal Canin p\u00e2t\u00e9e en sauce pour chats adults instinctive 85g au meilleur prix au Maroc. Livraison rapide | Animalsouk.ma","og_url":"https:\/\/www.animalsouk.ma\/animalerie-maroc\/produit\/royal-canin-patee-en-sauce-pour-chats-adults-instinctive-85g\/","og_site_name":"Animalerie Maroc","article_publisher":"https:\/\/www.facebook.com\/animalsouk.ma","article_modified_time":"2026-03-29T19:54:15+00:00","og_image":[{"width":928,"height":770,"url":"https:\/\/www.animalsouk.ma\/animalerie-maroc\/wp-content\/uploads\/2026\/03\/dddsq.png","type":"image\/png"}],"twitter_card":"summary_large_image","twitter_misc":{"Dur\u00e9e de lecture estim\u00e9e":"2 minutes"},"schema":{"@context":"https:\/\/schema.org","@graph":[{"@type":"WebPage","@id":"https:\/\/www.animalsouk.ma\/animalerie-maroc\/produit\/royal-canin-patee-en-sauce-pour-chats-adults-instinctive-85g\/","url":"https:\/\/www.animalsouk.ma\/animalerie-maroc\/produit\/royal-canin-patee-en-sauce-pour-chats-adults-instinctive-85g\/","name":"Royal Canin p\u00e2t\u00e9e en sauce pour chats adults instinctive 85g - Animalerie Maroc","isPartOf":{"@id":"https:\/\/www.animalsouk.ma\/animalerie-maroc\/#website"},"primaryImageOfPage":{"@id":"https:\/\/www.animalsouk.ma\/animalerie-maroc\/produit\/royal-canin-patee-en-sauce-pour-chats-adults-instinctive-85g\/#primaryimage"},"image":{"@id":"https:\/\/www.animalsouk.ma\/animalerie-maroc\/produit\/royal-canin-patee-en-sauce-pour-chats-adults-instinctive-85g\/#primaryimage"},"thumbnailUrl":"https:\/\/www.animalsouk.ma\/animalerie-maroc\/wp-content\/uploads\/2026\/03\/dddsq.png","datePublished":"2026-03-29T19:33:17+00:00","dateModified":"2026-03-29T19:54:15+00:00","description":"Achetez votre Royal Canin p\u00e2t\u00e9e en sauce pour chats adults instinctive 85g au meilleur prix au Maroc. Livraison rapide | Animalsouk.ma","breadcrumb":{"@id":"https:\/\/www.animalsouk.ma\/animalerie-maroc\/produit\/royal-canin-patee-en-sauce-pour-chats-adults-instinctive-85g\/#breadcrumb"},"inLanguage":"fr-FR","potentialAction":[{"@type":"ReadAction","target":["https:\/\/www.animalsouk.ma\/animalerie-maroc\/produit\/royal-canin-patee-en-sauce-pour-chats-adults-instinctive-85g\/"]}]},{"@type":"ImageObject","inLanguage":"fr-FR","@id":"https:\/\/www.animalsouk.ma\/animalerie-maroc\/produit\/royal-canin-patee-en-sauce-pour-chats-adults-instinctive-85g\/#primaryimage","url":"https:\/\/www.animalsouk.ma\/animalerie-maroc\/wp-content\/uploads\/2026\/03\/dddsq.png","contentUrl":"https:\/\/www.animalsouk.ma\/animalerie-maroc\/wp-content\/uploads\/2026\/03\/dddsq.png","width":928,"height":770},{"@type":"BreadcrumbList","@id":"https:\/\/www.animalsouk.ma\/animalerie-maroc\/produit\/royal-canin-patee-en-sauce-pour-chats-adults-instinctive-85g\/#breadcrumb","itemListElement":[{"@type":"ListItem","position":1,"name":"Home","item":"https:\/\/www.animalsouk.ma\/animalerie-maroc\/"},{"@type":"ListItem","position":2,"name":"Boutique","item":"https:\/\/www.animalsouk.ma\/animalerie-maroc\/boutique\/"},{"@type":"ListItem","position":3,"name":"Royal Canin p\u00e2t\u00e9e en sauce pour chats adults instinctive 85g"}]},{"@type":"WebSite","@id":"https:\/\/www.animalsouk.ma\/animalerie-maroc\/#website","url":"https:\/\/www.animalsouk.ma\/animalerie-maroc\/","name":"Animalerie de casablanca","description":"","publisher":{"@id":"https:\/\/www.animalsouk.ma\/animalerie-maroc\/#organization"},"potentialAction":[{"@type":"SearchAction","target":{"@type":"EntryPoint","urlTemplate":"https:\/\/www.animalsouk.ma\/animalerie-maroc\/?s={search_term_string}"},"query-input":{"@type":"PropertyValueSpecification","valueRequired":true,"valueName":"search_term_string"}}],"inLanguage":"fr-FR"},{"@type":"Organization","@id":"https:\/\/www.animalsouk.ma\/animalerie-maroc\/#organization","name":"Animalerie de casablanca","url":"https:\/\/www.animalsouk.ma\/animalerie-maroc\/","logo":{"@type":"ImageObject","inLanguage":"fr-FR","@id":"https:\/\/www.animalsouk.ma\/animalerie-maroc\/#\/schema\/logo\/image\/","url":"https:\/\/www.animalsouk.ma\/animalerie-maroc\/wp-content\/uploads\/2025\/10\/animalsouk.ma-logo.png","contentUrl":"https:\/\/www.animalsouk.ma\/animalerie-maroc\/wp-content\/uploads\/2025\/10\/animalsouk.ma-logo.png","width":760,"height":231,"caption":"Animalerie de casablanca"},"image":{"@id":"https:\/\/www.animalsouk.ma\/animalerie-maroc\/#\/schema\/logo\/image\/"},"sameAs":["https:\/\/www.facebook.com\/animalsouk.ma","https:\/\/www.instagram.com\/animalsouk.ma"]}]}},"_links":{"self":[{"href":"https:\/\/www.animalsouk.ma\/animalerie-maroc\/wp-json\/wp\/v2\/product\/1867","targetHints":{"allow":["GET"]}}],"collection":[{"href":"https:\/\/www.animalsouk.ma\/animalerie-maroc\/wp-json\/wp\/v2\/product"}],"about":[{"href":"https:\/\/www.animalsouk.ma\/animalerie-maroc\/wp-json\/wp\/v2\/types\/product"}],"wp:featuredmedia":[{"embeddable":true,"href":"https:\/\/www.animalsouk.ma\/animalerie-maroc\/wp-json\/wp\/v2\/media\/1868"}],"wp:attachment":[{"href":"https:\/\/www.animalsouk.ma\/animalerie-maroc\/wp-json\/wp\/v2\/media?parent=1867"}],"wp:term":[{"taxonomy":"product_brand","embeddable":true,"href":"https:\/\/www.animalsouk.ma\/animalerie-maroc\/wp-json\/wp\/v2\/product_brand?post=1867"},{"taxonomy":"product_cat","embeddable":true,"href":"https:\/\/www.animalsouk.ma\/animalerie-maroc\/wp-json\/wp\/v2\/product_cat?post=1867"},{"taxonomy":"product_tag","embeddable":true,"href":"https:\/\/www.animalsouk.ma\/animalerie-maroc\/wp-json\/wp\/v2\/product_tag?post=1867"}],"curies":[{"name":"wp","href":"https:\/\/api.w.org\/{rel}","templated":true}]}}