{"id":1442,"date":"2026-01-20T02:30:01","date_gmt":"2026-01-20T01:30:01","guid":{"rendered":"https:\/\/www.animalsouk.ma\/animalerie-maroc\/?post_type=product&#038;p=1442"},"modified":"2026-01-20T02:30:02","modified_gmt":"2026-01-20T01:30:02","slug":"croquettes-chat-adultes-sterilise-au-saumon-15kg-hills-science-plan","status":"publish","type":"product","link":"https:\/\/www.animalsouk.ma\/animalerie-maroc\/produit\/croquettes-chat-adultes-sterilise-au-saumon-15kg-hills-science-plan\/","title":{"rendered":"Croquettes Chat Adultes St\u00e9rilis\u00e9 au saumon 1,5kg \u2013 Hill\u2019s Science Plan"},"content":{"rendered":"<div id=\"description\" class=\"Tabs_tabContent__z9pNv Tabs_selectedTabContent__yeYhd Tabs_selectedTabContentOpen__YaASE\">\n<div class=\"Content_content__ylGND anchors_anchorsHTML___2lrv\"><span dir=\"auto\">Hill&rsquo;s Science Plan Adult Saumon St\u00e9rilis\u00e9 est le choix id\u00e9al pour votre chat st\u00e9rilis\u00e9. Sa formule sp\u00e9ciale l&rsquo;aide \u00e0 br\u00fbler les graisses, \u00e0 d\u00e9velopper sa masse musculaire et \u00e0 maintenir un poids id\u00e9al. Compos\u00e9e d&rsquo;\u00a0\u00a0<\/span><strong><span dir=\"auto\">ingr\u00e9dients de haute qualit\u00e9 et faciles \u00e0 dig\u00e9rer<\/span><\/strong><span dir=\"auto\">\u00a0\u00a0, elle offre une alimentation \u00e9quilibr\u00e9e, adapt\u00e9e aux besoins des chats st\u00e9rilis\u00e9s.<\/span><br \/>\n<span dir=\"auto\">L&rsquo;ajout de L-carnitine \u00e0 Hill&rsquo;s Science Plan Adult Saumon St\u00e9rilis\u00e9 contribue \u00e0 maintenir un niveau d&rsquo;activit\u00e9 \u00e9lev\u00e9 et une silhouette svelte. Ces croquettes contiennent \u00e9galement une teneur contr\u00f4l\u00e9e en min\u00e9raux pour favoriser un syst\u00e8me urinaire sain, tandis que leur\u00a0\u00a0<\/span><strong><span dir=\"auto\">faible teneur en mati\u00e8res grasses et leur richesse en L-lysine contribuent \u00e0 pr\u00e9server la vitalit\u00e9 de votre chat<\/span><\/strong><span dir=\"auto\">\u00a0. Hill&rsquo;s Science Plan Adult Saumon St\u00e9rilis\u00e9 est disponible dans une gamme de saveurs irr\u00e9sistibles, ainsi qu&rsquo;en versions s\u00e8ches et humides, pour r\u00e9pondre aux besoins sp\u00e9cifiques de votre chat.<\/span><\/p>\n<p><strong><span dir=\"auto\">Hill&rsquo;s Science Plan Adult Saumon St\u00e9rilis\u00e9 en bref\u00a0:<\/span><\/strong><\/p>\n<ul>\n<li><span dir=\"auto\">Aliment complet sec pour chats adultes<\/span><\/li>\n<li><strong><span dir=\"auto\">Recette sur mesure :\u00a0<\/span><\/strong><span dir=\"auto\">\u00a0sp\u00e9cialement \u00e9labor\u00e9e pour les chats st\u00e9rilis\u00e9s<\/span><\/li>\n<li><strong><span dir=\"auto\">Avec de la L-carnitine :\u00a0<\/span><\/strong><span dir=\"auto\">\u00a0pour favoriser un poids corporel optimal et le niveau d&rsquo;activit\u00e9 de votre chat<\/span><\/li>\n<li><strong><span dir=\"auto\">Teneur contr\u00f4l\u00e9e en min\u00e9raux :\u00a0<\/span><\/strong><span dir=\"auto\">\u00a0peut contribuer \u00e0 favoriser un syst\u00e8me urinaire sain<\/span><\/li>\n<li><strong><span dir=\"auto\">Une teneur r\u00e9duite en mati\u00e8res grasses et des niveaux \u00e9lev\u00e9s de L-lysine :\u00a0<\/span><\/strong><span dir=\"auto\">\u00a0peuvent contribuer au maintien de la vitalit\u00e9.<\/span><\/li>\n<li><strong><span dir=\"auto\">Ingr\u00e9dients de haute qualit\u00e9 :\u00a0<\/span><\/strong><span dir=\"auto\">\u00a0faciles \u00e0 dig\u00e9rer et pleins de saveur<\/span><\/li>\n<\/ul>\n<\/div>\n<\/div>\n<div class=\"anchors_anchorsHTML___2lrv\"><b><span dir=\"auto\">Ingr\u00e9dients :<\/span><\/b><br \/>\n<span dir=\"auto\">Ma\u00efs, riz bris\u00e9, bl\u00e9, farine de poulet et de dinde, prot\u00e9ines de pois, farine de prot\u00e9ines de ma\u00efs, farine de saumon (5 %), graisses animales, substances min\u00e9rales, hydrolysat de prot\u00e9ines, huile de soja, huile de poisson, L-carnitine, son d&rsquo;avoine, fructo-oligosaccharides, vitamines, taurine, oligo-\u00e9l\u00e9ments et b\u00eata-carot\u00e8ne. Contient un antioxydant naturel (tocoph\u00e9rols mixtes).<\/span><\/p>\n<p><b><span dir=\"auto\">Additifs par kg :<\/span><\/b><br \/>\n<i><span dir=\"auto\">Additifs nutritionnels :<\/span><\/i><br \/>\n<span dir=\"auto\">Vitamine A (7527 UI), vitamine D3 (611 UI), vitamine E (528 mg), vitamine C (96,7 mg), L-carnitine (524 mg), fer (57,7 mg), iode (1,4 mg), cuivre (5,7 mg), mangan\u00e8se (6,0 mg), zinc (101 mg), s\u00e9l\u00e9nium (0,1 mg).<\/span><br \/>\n<span dir=\"auto\">Contient des antioxydants naturels.<\/span><\/div>\n<hr class=\"Ingredients_space__lmdVR\" aria-hidden=\"true\" \/>\n<p class=\"Ingredients_paragraph__bAqdh\"><b><span dir=\"auto\">Constituants analytiques<\/span><\/b><\/p>\n<table class=\"Table_table__c5Cjw\" data-zta=\"constituentsTable\">\n<tbody>\n<tr>\n<td><span dir=\"auto\">prot\u00e9ine<\/span><\/td>\n<td><span dir=\"auto\">32,2\u00a0<\/span><span dir=\"auto\">%<\/span><\/td>\n<\/tr>\n<tr>\n<td><span dir=\"auto\">graisse<\/span><\/td>\n<td><span dir=\"auto\">10,9\u00a0<\/span><span dir=\"auto\">%<\/span><\/td>\n<\/tr>\n<tr>\n<td><span dir=\"auto\">fibre<\/span><\/td>\n<td><span dir=\"auto\">1,1\u00a0<\/span><span dir=\"auto\">%<\/span><\/td>\n<\/tr>\n<tr>\n<td><span dir=\"auto\">cendre<\/span><\/td>\n<td><span dir=\"auto\">5,5\u00a0<\/span><span dir=\"auto\">%<\/span><\/td>\n<\/tr>\n<tr>\n<td><span dir=\"auto\">calcium<\/span><\/td>\n<td><span dir=\"auto\">0,73\u00a0<\/span><span dir=\"auto\">%<\/span><\/td>\n<\/tr>\n<tr>\n<td><span dir=\"auto\">phosphore<\/span><\/td>\n<td><span dir=\"auto\">0,64\u00a0<\/span><span dir=\"auto\">%<\/span><\/td>\n<\/tr>\n<tr>\n<td><span dir=\"auto\">magn\u00e9sium<\/span><\/td>\n<td><span dir=\"auto\">0,09\u00a0<\/span><span dir=\"auto\">%<\/span><\/td>\n<\/tr>\n<tr>\n<td><span dir=\"auto\">b\u00eata-carot\u00e8ne<\/span><\/td>\n<td><span dir=\"auto\">1,9\u00a0<\/span><span dir=\"auto\">mg<\/span><\/td>\n<\/tr>\n<tr>\n<td><span dir=\"auto\">potassium<\/span><\/td>\n<td><span dir=\"auto\">0,87\u00a0<\/span><span dir=\"auto\">%<\/span><\/td>\n<\/tr>\n<tr>\n<td><span dir=\"auto\">sodium<\/span><\/td>\n<td><span dir=\"auto\">0,3\u00a0<\/span><span dir=\"auto\">%<\/span><\/td>\n<\/tr>\n<\/tbody>\n<\/table>\n<p><b><span dir=\"auto\">Recommandation alimentaire\u00a0:<\/span><\/b><br \/>\n<span dir=\"auto\">Hill&rsquo;s Science Plan Adult Sterilised Salmon est un aliment complet pour chats st\u00e9rilis\u00e9s.<\/span><\/p>\n<table border=\"1\" cellspacing=\"1\" cellpadding=\"1\">\n<colgroup>\n<col \/>\n<col \/><\/colgroup>\n<tbody>\n<tr>\n<td><small><b><span dir=\"auto\">Poids du chat (kg)<\/span><\/b><\/small><\/td>\n<td><small><b><span dir=\"auto\">Alimentation mixte (sac de 85 g + aliments secs)<\/span><\/b><\/small><\/td>\n<\/tr>\n<tr>\n<td><small><span dir=\"auto\">2 kg<\/span><\/small><\/td>\n<td><small><span dir=\"auto\">1 + 20 g<\/span><\/small><\/td>\n<\/tr>\n<tr>\n<td><small><span dir=\"auto\">3 kg<\/span><\/small><\/td>\n<td><small><span dir=\"auto\">1 + 30 g<\/span><\/small><\/td>\n<\/tr>\n<tr>\n<td><small><span dir=\"auto\">4 kg<\/span><\/small><\/td>\n<td><small><span dir=\"auto\">1 + 45 g<\/span><\/small><\/td>\n<\/tr>\n<tr>\n<td><small><span dir=\"auto\">5 kg<\/span><\/small><\/td>\n<td><small><span dir=\"auto\">1 + 55 g<\/span><\/small><\/td>\n<\/tr>\n<tr>\n<td><small><span dir=\"auto\">6+ kg<\/span><\/small><\/td>\n<td><small><span dir=\"auto\">1 + 10 g par kg<\/span><\/small><\/td>\n<\/tr>\n<\/tbody>\n<\/table>\n<p><span dir=\"auto\">Ajustez la quantit\u00e9 de nourriture selon les besoins pour maintenir un poids optimal. En cas de doute, consultez votre v\u00e9t\u00e9rinaire. Les besoins nutritionnels de votre animal peuvent \u00e9voluer avec l&rsquo;\u00e2ge. Parlez-en \u00e0 votre v\u00e9t\u00e9rinaire lors de chaque consultation. C&rsquo;est<\/span><\/p>\n<p><span dir=\"auto\">la premi\u00e8re fois que vous donnez cet aliment \u00e0 votre animal\u00a0? M\u00e9langez progressivement la nouvelle nourriture avec l&rsquo;ancienne pendant quelques jours. Laissez toujours de l&rsquo;eau fra\u00eeche \u00e0 disposition. Conservez l&#8217;emballage hors de port\u00e9e des animaux et des enfants afin d&rsquo;\u00e9viter tout risque d&rsquo;\u00e9touffement.<\/span><\/p>\n","protected":false},"excerpt":{"rendered":"<p>Hill&rsquo;s Science Plan Adult Saumon St\u00e9rilis\u00e9 est le choix id\u00e9al pour votre chat st\u00e9rilis\u00e9. Sa formule sp\u00e9ciale l&rsquo;aide \u00e0 br\u00fbler les graisses, \u00e0 d\u00e9velopper sa masse musculaire et \u00e0 maintenir un poids id\u00e9al. Compos\u00e9e d&rsquo;\u00a0\u00a0ingr\u00e9dients de haute qualit\u00e9 et faciles \u00e0 dig\u00e9rer\u00a0\u00a0, elle offre une alimentation \u00e9quilibr\u00e9e, adapt\u00e9e aux besoins des chats st\u00e9rilis\u00e9s. L&rsquo;ajout de [&#8230;]\n","protected":false},"featured_media":1443,"template":"","meta":[],"product_brand":[39],"product_cat":[18],"product_tag":[],"class_list":{"0":"post-1442","1":"product","2":"type-product","3":"status-publish","4":"has-post-thumbnail","6":"product_brand-hills-science-plan","7":"product_cat-alimentation-pour-chats","9":"first","10":"instock","11":"shipping-taxable","12":"purchasable","13":"product-type-simple"},"yoast_head":"<!-- This site is optimized with the Yoast SEO plugin v27.3 - https:\/\/yoast.com\/product\/yoast-seo-wordpress\/ -->\n<title>Croquettes Chat Adultes St\u00e9rilis\u00e9 au saumon 1,5kg \u2013 Hill\u2019s Science Plan - Animalerie Maroc<\/title>\n<meta name=\"description\" content=\"Achetez votre Croquettes Chat Adultes St\u00e9rilis\u00e9 au saumon 1,5kg \u2013 Hill\u2019s Science Plan au meilleur prix au Maroc. Livraison rapide | Animalsouk.ma\" \/>\n<meta name=\"robots\" content=\"index, follow, max-snippet:-1, max-image-preview:large, max-video-preview:-1\" \/>\n<link rel=\"canonical\" href=\"https:\/\/www.animalsouk.ma\/animalerie-maroc\/produit\/croquettes-chat-adultes-sterilise-au-saumon-15kg-hills-science-plan\/\" \/>\n<meta property=\"og:locale\" content=\"fr_FR\" \/>\n<meta property=\"og:type\" content=\"article\" \/>\n<meta property=\"og:title\" content=\"Croquettes Chat Adultes St\u00e9rilis\u00e9 au saumon 1,5kg \u2013 Hill\u2019s Science Plan - Animalerie Maroc\" \/>\n<meta property=\"og:description\" content=\"Achetez votre Croquettes Chat Adultes St\u00e9rilis\u00e9 au saumon 1,5kg \u2013 Hill\u2019s Science Plan au meilleur prix au Maroc. Livraison rapide | Animalsouk.ma\" \/>\n<meta property=\"og:url\" content=\"https:\/\/www.animalsouk.ma\/animalerie-maroc\/produit\/croquettes-chat-adultes-sterilise-au-saumon-15kg-hills-science-plan\/\" \/>\n<meta property=\"og:site_name\" content=\"Animalerie Maroc\" \/>\n<meta property=\"article:publisher\" content=\"https:\/\/www.facebook.com\/animalsouk.ma\" \/>\n<meta property=\"article:modified_time\" content=\"2026-01-20T01:30:02+00:00\" \/>\n<meta property=\"og:image\" content=\"https:\/\/www.animalsouk.ma\/animalerie-maroc\/wp-content\/uploads\/2026\/01\/watermark-animalsouk.ma-Recupere.pngffd.png\" \/>\n\t<meta property=\"og:image:width\" content=\"928\" \/>\n\t<meta property=\"og:image:height\" content=\"770\" \/>\n\t<meta property=\"og:image:type\" content=\"image\/png\" \/>\n<meta name=\"twitter:card\" content=\"summary_large_image\" \/>\n<meta name=\"twitter:label1\" content=\"Dur\u00e9e de lecture estim\u00e9e\" \/>\n\t<meta name=\"twitter:data1\" content=\"3 minutes\" \/>\n<script type=\"application\/ld+json\" class=\"yoast-schema-graph\">{\"@context\":\"https:\\\/\\\/schema.org\",\"@graph\":[{\"@type\":\"WebPage\",\"@id\":\"https:\\\/\\\/www.animalsouk.ma\\\/animalerie-maroc\\\/produit\\\/croquettes-chat-adultes-sterilise-au-saumon-15kg-hills-science-plan\\\/\",\"url\":\"https:\\\/\\\/www.animalsouk.ma\\\/animalerie-maroc\\\/produit\\\/croquettes-chat-adultes-sterilise-au-saumon-15kg-hills-science-plan\\\/\",\"name\":\"Croquettes Chat Adultes St\u00e9rilis\u00e9 au saumon 1,5kg \u2013 Hill\u2019s Science Plan - Animalerie Maroc\",\"isPartOf\":{\"@id\":\"https:\\\/\\\/www.animalsouk.ma\\\/animalerie-maroc\\\/#website\"},\"primaryImageOfPage\":{\"@id\":\"https:\\\/\\\/www.animalsouk.ma\\\/animalerie-maroc\\\/produit\\\/croquettes-chat-adultes-sterilise-au-saumon-15kg-hills-science-plan\\\/#primaryimage\"},\"image\":{\"@id\":\"https:\\\/\\\/www.animalsouk.ma\\\/animalerie-maroc\\\/produit\\\/croquettes-chat-adultes-sterilise-au-saumon-15kg-hills-science-plan\\\/#primaryimage\"},\"thumbnailUrl\":\"https:\\\/\\\/www.animalsouk.ma\\\/animalerie-maroc\\\/wp-content\\\/uploads\\\/2026\\\/01\\\/watermark-animalsouk.ma-Recupere.pngffd.png\",\"datePublished\":\"2026-01-20T01:30:01+00:00\",\"dateModified\":\"2026-01-20T01:30:02+00:00\",\"description\":\"Achetez votre Croquettes Chat Adultes St\u00e9rilis\u00e9 au saumon 1,5kg \u2013 Hill\u2019s Science Plan au meilleur prix au Maroc. Livraison rapide | Animalsouk.ma\",\"breadcrumb\":{\"@id\":\"https:\\\/\\\/www.animalsouk.ma\\\/animalerie-maroc\\\/produit\\\/croquettes-chat-adultes-sterilise-au-saumon-15kg-hills-science-plan\\\/#breadcrumb\"},\"inLanguage\":\"fr-FR\",\"potentialAction\":[{\"@type\":\"ReadAction\",\"target\":[\"https:\\\/\\\/www.animalsouk.ma\\\/animalerie-maroc\\\/produit\\\/croquettes-chat-adultes-sterilise-au-saumon-15kg-hills-science-plan\\\/\"]}]},{\"@type\":\"ImageObject\",\"inLanguage\":\"fr-FR\",\"@id\":\"https:\\\/\\\/www.animalsouk.ma\\\/animalerie-maroc\\\/produit\\\/croquettes-chat-adultes-sterilise-au-saumon-15kg-hills-science-plan\\\/#primaryimage\",\"url\":\"https:\\\/\\\/www.animalsouk.ma\\\/animalerie-maroc\\\/wp-content\\\/uploads\\\/2026\\\/01\\\/watermark-animalsouk.ma-Recupere.pngffd.png\",\"contentUrl\":\"https:\\\/\\\/www.animalsouk.ma\\\/animalerie-maroc\\\/wp-content\\\/uploads\\\/2026\\\/01\\\/watermark-animalsouk.ma-Recupere.pngffd.png\",\"width\":928,\"height\":770,\"caption\":\"Croquettes Chat Adultes St\u00e9rilis\u00e9 au saumon 1,5kg \u2013 Hill\u2019s Science Plan\"},{\"@type\":\"BreadcrumbList\",\"@id\":\"https:\\\/\\\/www.animalsouk.ma\\\/animalerie-maroc\\\/produit\\\/croquettes-chat-adultes-sterilise-au-saumon-15kg-hills-science-plan\\\/#breadcrumb\",\"itemListElement\":[{\"@type\":\"ListItem\",\"position\":1,\"name\":\"Home\",\"item\":\"https:\\\/\\\/www.animalsouk.ma\\\/animalerie-maroc\\\/\"},{\"@type\":\"ListItem\",\"position\":2,\"name\":\"Boutique\",\"item\":\"https:\\\/\\\/www.animalsouk.ma\\\/animalerie-maroc\\\/boutique\\\/\"},{\"@type\":\"ListItem\",\"position\":3,\"name\":\"Croquettes Chat Adultes St\u00e9rilis\u00e9 au saumon 1,5kg \u2013 Hill\u2019s Science Plan\"}]},{\"@type\":\"WebSite\",\"@id\":\"https:\\\/\\\/www.animalsouk.ma\\\/animalerie-maroc\\\/#website\",\"url\":\"https:\\\/\\\/www.animalsouk.ma\\\/animalerie-maroc\\\/\",\"name\":\"Animalerie de casablanca\",\"description\":\"\",\"publisher\":{\"@id\":\"https:\\\/\\\/www.animalsouk.ma\\\/animalerie-maroc\\\/#organization\"},\"potentialAction\":[{\"@type\":\"SearchAction\",\"target\":{\"@type\":\"EntryPoint\",\"urlTemplate\":\"https:\\\/\\\/www.animalsouk.ma\\\/animalerie-maroc\\\/?s={search_term_string}\"},\"query-input\":{\"@type\":\"PropertyValueSpecification\",\"valueRequired\":true,\"valueName\":\"search_term_string\"}}],\"inLanguage\":\"fr-FR\"},{\"@type\":\"Organization\",\"@id\":\"https:\\\/\\\/www.animalsouk.ma\\\/animalerie-maroc\\\/#organization\",\"name\":\"Animalerie de casablanca\",\"url\":\"https:\\\/\\\/www.animalsouk.ma\\\/animalerie-maroc\\\/\",\"logo\":{\"@type\":\"ImageObject\",\"inLanguage\":\"fr-FR\",\"@id\":\"https:\\\/\\\/www.animalsouk.ma\\\/animalerie-maroc\\\/#\\\/schema\\\/logo\\\/image\\\/\",\"url\":\"https:\\\/\\\/www.animalsouk.ma\\\/animalerie-maroc\\\/wp-content\\\/uploads\\\/2025\\\/10\\\/animalsouk.ma-logo.png\",\"contentUrl\":\"https:\\\/\\\/www.animalsouk.ma\\\/animalerie-maroc\\\/wp-content\\\/uploads\\\/2025\\\/10\\\/animalsouk.ma-logo.png\",\"width\":760,\"height\":231,\"caption\":\"Animalerie de casablanca\"},\"image\":{\"@id\":\"https:\\\/\\\/www.animalsouk.ma\\\/animalerie-maroc\\\/#\\\/schema\\\/logo\\\/image\\\/\"},\"sameAs\":[\"https:\\\/\\\/www.facebook.com\\\/animalsouk.ma\",\"https:\\\/\\\/www.instagram.com\\\/animalsouk.ma\"]}]}<\/script>\n<!-- \/ Yoast SEO plugin. -->","yoast_head_json":{"title":"Croquettes Chat Adultes St\u00e9rilis\u00e9 au saumon 1,5kg \u2013 Hill\u2019s Science Plan - Animalerie Maroc","description":"Achetez votre Croquettes Chat Adultes St\u00e9rilis\u00e9 au saumon 1,5kg \u2013 Hill\u2019s Science Plan au meilleur prix au Maroc. Livraison rapide | Animalsouk.ma","robots":{"index":"index","follow":"follow","max-snippet":"max-snippet:-1","max-image-preview":"max-image-preview:large","max-video-preview":"max-video-preview:-1"},"canonical":"https:\/\/www.animalsouk.ma\/animalerie-maroc\/produit\/croquettes-chat-adultes-sterilise-au-saumon-15kg-hills-science-plan\/","og_locale":"fr_FR","og_type":"article","og_title":"Croquettes Chat Adultes St\u00e9rilis\u00e9 au saumon 1,5kg \u2013 Hill\u2019s Science Plan - Animalerie Maroc","og_description":"Achetez votre Croquettes Chat Adultes St\u00e9rilis\u00e9 au saumon 1,5kg \u2013 Hill\u2019s Science Plan au meilleur prix au Maroc. Livraison rapide | Animalsouk.ma","og_url":"https:\/\/www.animalsouk.ma\/animalerie-maroc\/produit\/croquettes-chat-adultes-sterilise-au-saumon-15kg-hills-science-plan\/","og_site_name":"Animalerie Maroc","article_publisher":"https:\/\/www.facebook.com\/animalsouk.ma","article_modified_time":"2026-01-20T01:30:02+00:00","og_image":[{"width":928,"height":770,"url":"https:\/\/www.animalsouk.ma\/animalerie-maroc\/wp-content\/uploads\/2026\/01\/watermark-animalsouk.ma-Recupere.pngffd.png","type":"image\/png"}],"twitter_card":"summary_large_image","twitter_misc":{"Dur\u00e9e de lecture estim\u00e9e":"3 minutes"},"schema":{"@context":"https:\/\/schema.org","@graph":[{"@type":"WebPage","@id":"https:\/\/www.animalsouk.ma\/animalerie-maroc\/produit\/croquettes-chat-adultes-sterilise-au-saumon-15kg-hills-science-plan\/","url":"https:\/\/www.animalsouk.ma\/animalerie-maroc\/produit\/croquettes-chat-adultes-sterilise-au-saumon-15kg-hills-science-plan\/","name":"Croquettes Chat Adultes St\u00e9rilis\u00e9 au saumon 1,5kg \u2013 Hill\u2019s Science Plan - Animalerie Maroc","isPartOf":{"@id":"https:\/\/www.animalsouk.ma\/animalerie-maroc\/#website"},"primaryImageOfPage":{"@id":"https:\/\/www.animalsouk.ma\/animalerie-maroc\/produit\/croquettes-chat-adultes-sterilise-au-saumon-15kg-hills-science-plan\/#primaryimage"},"image":{"@id":"https:\/\/www.animalsouk.ma\/animalerie-maroc\/produit\/croquettes-chat-adultes-sterilise-au-saumon-15kg-hills-science-plan\/#primaryimage"},"thumbnailUrl":"https:\/\/www.animalsouk.ma\/animalerie-maroc\/wp-content\/uploads\/2026\/01\/watermark-animalsouk.ma-Recupere.pngffd.png","datePublished":"2026-01-20T01:30:01+00:00","dateModified":"2026-01-20T01:30:02+00:00","description":"Achetez votre Croquettes Chat Adultes St\u00e9rilis\u00e9 au saumon 1,5kg \u2013 Hill\u2019s Science Plan au meilleur prix au Maroc. Livraison rapide | Animalsouk.ma","breadcrumb":{"@id":"https:\/\/www.animalsouk.ma\/animalerie-maroc\/produit\/croquettes-chat-adultes-sterilise-au-saumon-15kg-hills-science-plan\/#breadcrumb"},"inLanguage":"fr-FR","potentialAction":[{"@type":"ReadAction","target":["https:\/\/www.animalsouk.ma\/animalerie-maroc\/produit\/croquettes-chat-adultes-sterilise-au-saumon-15kg-hills-science-plan\/"]}]},{"@type":"ImageObject","inLanguage":"fr-FR","@id":"https:\/\/www.animalsouk.ma\/animalerie-maroc\/produit\/croquettes-chat-adultes-sterilise-au-saumon-15kg-hills-science-plan\/#primaryimage","url":"https:\/\/www.animalsouk.ma\/animalerie-maroc\/wp-content\/uploads\/2026\/01\/watermark-animalsouk.ma-Recupere.pngffd.png","contentUrl":"https:\/\/www.animalsouk.ma\/animalerie-maroc\/wp-content\/uploads\/2026\/01\/watermark-animalsouk.ma-Recupere.pngffd.png","width":928,"height":770,"caption":"Croquettes Chat Adultes St\u00e9rilis\u00e9 au saumon 1,5kg \u2013 Hill\u2019s Science Plan"},{"@type":"BreadcrumbList","@id":"https:\/\/www.animalsouk.ma\/animalerie-maroc\/produit\/croquettes-chat-adultes-sterilise-au-saumon-15kg-hills-science-plan\/#breadcrumb","itemListElement":[{"@type":"ListItem","position":1,"name":"Home","item":"https:\/\/www.animalsouk.ma\/animalerie-maroc\/"},{"@type":"ListItem","position":2,"name":"Boutique","item":"https:\/\/www.animalsouk.ma\/animalerie-maroc\/boutique\/"},{"@type":"ListItem","position":3,"name":"Croquettes Chat Adultes St\u00e9rilis\u00e9 au saumon 1,5kg \u2013 Hill\u2019s Science Plan"}]},{"@type":"WebSite","@id":"https:\/\/www.animalsouk.ma\/animalerie-maroc\/#website","url":"https:\/\/www.animalsouk.ma\/animalerie-maroc\/","name":"Animalerie de casablanca","description":"","publisher":{"@id":"https:\/\/www.animalsouk.ma\/animalerie-maroc\/#organization"},"potentialAction":[{"@type":"SearchAction","target":{"@type":"EntryPoint","urlTemplate":"https:\/\/www.animalsouk.ma\/animalerie-maroc\/?s={search_term_string}"},"query-input":{"@type":"PropertyValueSpecification","valueRequired":true,"valueName":"search_term_string"}}],"inLanguage":"fr-FR"},{"@type":"Organization","@id":"https:\/\/www.animalsouk.ma\/animalerie-maroc\/#organization","name":"Animalerie de casablanca","url":"https:\/\/www.animalsouk.ma\/animalerie-maroc\/","logo":{"@type":"ImageObject","inLanguage":"fr-FR","@id":"https:\/\/www.animalsouk.ma\/animalerie-maroc\/#\/schema\/logo\/image\/","url":"https:\/\/www.animalsouk.ma\/animalerie-maroc\/wp-content\/uploads\/2025\/10\/animalsouk.ma-logo.png","contentUrl":"https:\/\/www.animalsouk.ma\/animalerie-maroc\/wp-content\/uploads\/2025\/10\/animalsouk.ma-logo.png","width":760,"height":231,"caption":"Animalerie de casablanca"},"image":{"@id":"https:\/\/www.animalsouk.ma\/animalerie-maroc\/#\/schema\/logo\/image\/"},"sameAs":["https:\/\/www.facebook.com\/animalsouk.ma","https:\/\/www.instagram.com\/animalsouk.ma"]}]}},"_links":{"self":[{"href":"https:\/\/www.animalsouk.ma\/animalerie-maroc\/wp-json\/wp\/v2\/product\/1442","targetHints":{"allow":["GET"]}}],"collection":[{"href":"https:\/\/www.animalsouk.ma\/animalerie-maroc\/wp-json\/wp\/v2\/product"}],"about":[{"href":"https:\/\/www.animalsouk.ma\/animalerie-maroc\/wp-json\/wp\/v2\/types\/product"}],"wp:featuredmedia":[{"embeddable":true,"href":"https:\/\/www.animalsouk.ma\/animalerie-maroc\/wp-json\/wp\/v2\/media\/1443"}],"wp:attachment":[{"href":"https:\/\/www.animalsouk.ma\/animalerie-maroc\/wp-json\/wp\/v2\/media?parent=1442"}],"wp:term":[{"taxonomy":"product_brand","embeddable":true,"href":"https:\/\/www.animalsouk.ma\/animalerie-maroc\/wp-json\/wp\/v2\/product_brand?post=1442"},{"taxonomy":"product_cat","embeddable":true,"href":"https:\/\/www.animalsouk.ma\/animalerie-maroc\/wp-json\/wp\/v2\/product_cat?post=1442"},{"taxonomy":"product_tag","embeddable":true,"href":"https:\/\/www.animalsouk.ma\/animalerie-maroc\/wp-json\/wp\/v2\/product_tag?post=1442"}],"curies":[{"name":"wp","href":"https:\/\/api.w.org\/{rel}","templated":true}]}}