{"id":1256,"date":"2025-12-31T01:19:18","date_gmt":"2025-12-31T00:19:18","guid":{"rendered":"https:\/\/www.animalsouk.ma\/animalerie-maroc\/?post_type=product&#038;p=1256"},"modified":"2026-01-05T17:40:55","modified_gmt":"2026-01-05T16:40:55","slug":"collier-anti-traction-trixie-premium-pour-chien-medium-large-35-50cm","status":"publish","type":"product","link":"https:\/\/www.animalsouk.ma\/animalerie-maroc\/produit\/collier-anti-traction-trixie-premium-pour-chien-medium-large-35-50cm\/","title":{"rendered":"Collier anti-traction Trixie Premium pour Chien Medium-Large 35-50cm"},"content":{"rendered":"<section class=\"slot slot--description slot--seperated js_slot-description\" data-group-name=\"ProductDescription\" data-bltgg=\"hF4-d5j4V9RdNyzOgdJGjg.4_23\">\n<div data-test=\"product-description\" data-bltgi=\"hF4-d5j4V9RdNyzOgdJGjg.4_23.24\">\n<div class=\"product-description\" data-test=\"description\">Trixie Dog Collar Premium Choker\u00a0 35-50 x 2 cm Le Trixie Dog Collar Premium Choker est un collier anti-traction pour chien avec une cha\u00eene et une sangle r\u00e9glable. Le collier se compose en partie d&rsquo;une cha\u00eene de glissement et emp\u00eache ainsi de tirer sur la laisse. En plus de ce dispositif anti-traction, le collier est \u00e9quip\u00e9 d&rsquo;une sangle r\u00e9glable en continu pour un bon ajustement. Le col est fait de nylon frais et de couleur vive. &#8211; Collier haut de gamme avec dispositif anti-traction &#8211; En partie r\u00e9alis\u00e9 avec une cha\u00eene coulissante &#8211; Sangle de sangle r\u00e9glable en continu<br \/>\n<strong>Dimensions<\/strong>: 35-50 x 2 cm<\/div>\n<\/div>\n<\/section>\n<section class=\"slot slot--seperated slot--seperated--has-more-content js_slot-specifications\" data-group-name=\"ProductSpecification\" data-bltgg=\"hF4-d5j4V9RdNyzOgdJGjg.4_25\">\n<div class=\"js-specification-slot\" data-test=\"specifications\" data-bltgi=\"hF4-d5j4V9RdNyzOgdJGjg.4_25.26\"><\/div>\n<\/section>\n","protected":false},"excerpt":{"rendered":"<p>Trixie Dog Collar Premium Choker\u00a0 35-50 x 2 cm Le Trixie Dog Collar Premium Choker est un collier anti-traction pour chien avec une cha\u00eene et une sangle r\u00e9glable. Le collier se compose en partie d&rsquo;une cha\u00eene de glissement et emp\u00eache ainsi de tirer sur la laisse. En plus de ce dispositif anti-traction, le collier est [&#8230;]\n","protected":false},"featured_media":1271,"template":"","meta":[],"product_brand":[26],"product_cat":[23],"product_tag":[],"class_list":{"0":"post-1256","1":"product","2":"type-product","3":"status-publish","4":"has-post-thumbnail","6":"product_brand-trixie","7":"product_cat-accessoires-et-jouets-pour-chiens","9":"first","10":"instock","11":"shipping-taxable","12":"purchasable","13":"product-type-simple"},"yoast_head":"<!-- This site is optimized with the Yoast SEO plugin v27.3 - https:\/\/yoast.com\/product\/yoast-seo-wordpress\/ -->\n<title>Collier anti-traction Trixie Premium pour Chien Medium-Large 35-50cm - Animalerie Maroc<\/title>\n<meta name=\"description\" content=\"Achetez votre Collier anti-traction Trixie Premium pour Chien Medium-Large 35-50cm au meilleur prix au Maroc. Livraison rapide | Animalsouk.ma\" \/>\n<meta name=\"robots\" content=\"index, follow, max-snippet:-1, max-image-preview:large, max-video-preview:-1\" \/>\n<link rel=\"canonical\" href=\"https:\/\/www.animalsouk.ma\/animalerie-maroc\/produit\/collier-anti-traction-trixie-premium-pour-chien-medium-large-35-50cm\/\" \/>\n<meta property=\"og:locale\" content=\"fr_FR\" \/>\n<meta property=\"og:type\" content=\"article\" \/>\n<meta property=\"og:title\" content=\"Collier anti-traction Trixie Premium pour Chien Medium-Large 35-50cm - Animalerie Maroc\" \/>\n<meta property=\"og:description\" content=\"Achetez votre Collier anti-traction Trixie Premium pour Chien Medium-Large 35-50cm au meilleur prix au Maroc. Livraison rapide | Animalsouk.ma\" \/>\n<meta property=\"og:url\" content=\"https:\/\/www.animalsouk.ma\/animalerie-maroc\/produit\/collier-anti-traction-trixie-premium-pour-chien-medium-large-35-50cm\/\" \/>\n<meta property=\"og:site_name\" content=\"Animalerie Maroc\" \/>\n<meta property=\"article:publisher\" content=\"https:\/\/www.facebook.com\/animalsouk.ma\" \/>\n<meta property=\"article:modified_time\" content=\"2026-01-05T16:40:55+00:00\" \/>\n<meta property=\"og:image\" content=\"https:\/\/www.animalsouk.ma\/animalerie-maroc\/wp-content\/uploads\/2025\/12\/jkkj.png\" \/>\n\t<meta property=\"og:image:width\" content=\"928\" \/>\n\t<meta property=\"og:image:height\" content=\"770\" \/>\n\t<meta property=\"og:image:type\" content=\"image\/png\" \/>\n<meta name=\"twitter:card\" content=\"summary_large_image\" \/>\n<meta name=\"twitter:label1\" content=\"Dur\u00e9e de lecture estim\u00e9e\" \/>\n\t<meta name=\"twitter:data1\" content=\"1 minute\" \/>\n<script type=\"application\/ld+json\" class=\"yoast-schema-graph\">{\"@context\":\"https:\\\/\\\/schema.org\",\"@graph\":[{\"@type\":\"WebPage\",\"@id\":\"https:\\\/\\\/www.animalsouk.ma\\\/animalerie-maroc\\\/produit\\\/collier-anti-traction-trixie-premium-pour-chien-medium-large-35-50cm\\\/\",\"url\":\"https:\\\/\\\/www.animalsouk.ma\\\/animalerie-maroc\\\/produit\\\/collier-anti-traction-trixie-premium-pour-chien-medium-large-35-50cm\\\/\",\"name\":\"Collier anti-traction Trixie Premium pour Chien Medium-Large 35-50cm - Animalerie Maroc\",\"isPartOf\":{\"@id\":\"https:\\\/\\\/www.animalsouk.ma\\\/animalerie-maroc\\\/#website\"},\"primaryImageOfPage\":{\"@id\":\"https:\\\/\\\/www.animalsouk.ma\\\/animalerie-maroc\\\/produit\\\/collier-anti-traction-trixie-premium-pour-chien-medium-large-35-50cm\\\/#primaryimage\"},\"image\":{\"@id\":\"https:\\\/\\\/www.animalsouk.ma\\\/animalerie-maroc\\\/produit\\\/collier-anti-traction-trixie-premium-pour-chien-medium-large-35-50cm\\\/#primaryimage\"},\"thumbnailUrl\":\"https:\\\/\\\/www.animalsouk.ma\\\/animalerie-maroc\\\/wp-content\\\/uploads\\\/2025\\\/12\\\/jkkj.png\",\"datePublished\":\"2025-12-31T00:19:18+00:00\",\"dateModified\":\"2026-01-05T16:40:55+00:00\",\"description\":\"Achetez votre Collier anti-traction Trixie Premium pour Chien Medium-Large 35-50cm au meilleur prix au Maroc. Livraison rapide | Animalsouk.ma\",\"breadcrumb\":{\"@id\":\"https:\\\/\\\/www.animalsouk.ma\\\/animalerie-maroc\\\/produit\\\/collier-anti-traction-trixie-premium-pour-chien-medium-large-35-50cm\\\/#breadcrumb\"},\"inLanguage\":\"fr-FR\",\"potentialAction\":[{\"@type\":\"ReadAction\",\"target\":[\"https:\\\/\\\/www.animalsouk.ma\\\/animalerie-maroc\\\/produit\\\/collier-anti-traction-trixie-premium-pour-chien-medium-large-35-50cm\\\/\"]}]},{\"@type\":\"ImageObject\",\"inLanguage\":\"fr-FR\",\"@id\":\"https:\\\/\\\/www.animalsouk.ma\\\/animalerie-maroc\\\/produit\\\/collier-anti-traction-trixie-premium-pour-chien-medium-large-35-50cm\\\/#primaryimage\",\"url\":\"https:\\\/\\\/www.animalsouk.ma\\\/animalerie-maroc\\\/wp-content\\\/uploads\\\/2025\\\/12\\\/jkkj.png\",\"contentUrl\":\"https:\\\/\\\/www.animalsouk.ma\\\/animalerie-maroc\\\/wp-content\\\/uploads\\\/2025\\\/12\\\/jkkj.png\",\"width\":928,\"height\":770,\"caption\":\"Collier anti-traction Trixie Premium pour Chien Medium-Large 35-50cm\"},{\"@type\":\"BreadcrumbList\",\"@id\":\"https:\\\/\\\/www.animalsouk.ma\\\/animalerie-maroc\\\/produit\\\/collier-anti-traction-trixie-premium-pour-chien-medium-large-35-50cm\\\/#breadcrumb\",\"itemListElement\":[{\"@type\":\"ListItem\",\"position\":1,\"name\":\"Home\",\"item\":\"https:\\\/\\\/www.animalsouk.ma\\\/animalerie-maroc\\\/\"},{\"@type\":\"ListItem\",\"position\":2,\"name\":\"Boutique\",\"item\":\"https:\\\/\\\/www.animalsouk.ma\\\/animalerie-maroc\\\/boutique\\\/\"},{\"@type\":\"ListItem\",\"position\":3,\"name\":\"Collier anti-traction Trixie Premium pour Chien Medium-Large 35-50cm\"}]},{\"@type\":\"WebSite\",\"@id\":\"https:\\\/\\\/www.animalsouk.ma\\\/animalerie-maroc\\\/#website\",\"url\":\"https:\\\/\\\/www.animalsouk.ma\\\/animalerie-maroc\\\/\",\"name\":\"Animalerie de casablanca\",\"description\":\"\",\"publisher\":{\"@id\":\"https:\\\/\\\/www.animalsouk.ma\\\/animalerie-maroc\\\/#organization\"},\"potentialAction\":[{\"@type\":\"SearchAction\",\"target\":{\"@type\":\"EntryPoint\",\"urlTemplate\":\"https:\\\/\\\/www.animalsouk.ma\\\/animalerie-maroc\\\/?s={search_term_string}\"},\"query-input\":{\"@type\":\"PropertyValueSpecification\",\"valueRequired\":true,\"valueName\":\"search_term_string\"}}],\"inLanguage\":\"fr-FR\"},{\"@type\":\"Organization\",\"@id\":\"https:\\\/\\\/www.animalsouk.ma\\\/animalerie-maroc\\\/#organization\",\"name\":\"Animalerie de casablanca\",\"url\":\"https:\\\/\\\/www.animalsouk.ma\\\/animalerie-maroc\\\/\",\"logo\":{\"@type\":\"ImageObject\",\"inLanguage\":\"fr-FR\",\"@id\":\"https:\\\/\\\/www.animalsouk.ma\\\/animalerie-maroc\\\/#\\\/schema\\\/logo\\\/image\\\/\",\"url\":\"https:\\\/\\\/www.animalsouk.ma\\\/animalerie-maroc\\\/wp-content\\\/uploads\\\/2025\\\/10\\\/animalsouk.ma-logo.png\",\"contentUrl\":\"https:\\\/\\\/www.animalsouk.ma\\\/animalerie-maroc\\\/wp-content\\\/uploads\\\/2025\\\/10\\\/animalsouk.ma-logo.png\",\"width\":760,\"height\":231,\"caption\":\"Animalerie de casablanca\"},\"image\":{\"@id\":\"https:\\\/\\\/www.animalsouk.ma\\\/animalerie-maroc\\\/#\\\/schema\\\/logo\\\/image\\\/\"},\"sameAs\":[\"https:\\\/\\\/www.facebook.com\\\/animalsouk.ma\",\"https:\\\/\\\/www.instagram.com\\\/animalsouk.ma\"]}]}<\/script>\n<!-- \/ Yoast SEO plugin. -->","yoast_head_json":{"title":"Collier anti-traction Trixie Premium pour Chien Medium-Large 35-50cm - Animalerie Maroc","description":"Achetez votre Collier anti-traction Trixie Premium pour Chien Medium-Large 35-50cm au meilleur prix au Maroc. Livraison rapide | Animalsouk.ma","robots":{"index":"index","follow":"follow","max-snippet":"max-snippet:-1","max-image-preview":"max-image-preview:large","max-video-preview":"max-video-preview:-1"},"canonical":"https:\/\/www.animalsouk.ma\/animalerie-maroc\/produit\/collier-anti-traction-trixie-premium-pour-chien-medium-large-35-50cm\/","og_locale":"fr_FR","og_type":"article","og_title":"Collier anti-traction Trixie Premium pour Chien Medium-Large 35-50cm - Animalerie Maroc","og_description":"Achetez votre Collier anti-traction Trixie Premium pour Chien Medium-Large 35-50cm au meilleur prix au Maroc. Livraison rapide | Animalsouk.ma","og_url":"https:\/\/www.animalsouk.ma\/animalerie-maroc\/produit\/collier-anti-traction-trixie-premium-pour-chien-medium-large-35-50cm\/","og_site_name":"Animalerie Maroc","article_publisher":"https:\/\/www.facebook.com\/animalsouk.ma","article_modified_time":"2026-01-05T16:40:55+00:00","og_image":[{"width":928,"height":770,"url":"https:\/\/www.animalsouk.ma\/animalerie-maroc\/wp-content\/uploads\/2025\/12\/jkkj.png","type":"image\/png"}],"twitter_card":"summary_large_image","twitter_misc":{"Dur\u00e9e de lecture estim\u00e9e":"1 minute"},"schema":{"@context":"https:\/\/schema.org","@graph":[{"@type":"WebPage","@id":"https:\/\/www.animalsouk.ma\/animalerie-maroc\/produit\/collier-anti-traction-trixie-premium-pour-chien-medium-large-35-50cm\/","url":"https:\/\/www.animalsouk.ma\/animalerie-maroc\/produit\/collier-anti-traction-trixie-premium-pour-chien-medium-large-35-50cm\/","name":"Collier anti-traction Trixie Premium pour Chien Medium-Large 35-50cm - Animalerie Maroc","isPartOf":{"@id":"https:\/\/www.animalsouk.ma\/animalerie-maroc\/#website"},"primaryImageOfPage":{"@id":"https:\/\/www.animalsouk.ma\/animalerie-maroc\/produit\/collier-anti-traction-trixie-premium-pour-chien-medium-large-35-50cm\/#primaryimage"},"image":{"@id":"https:\/\/www.animalsouk.ma\/animalerie-maroc\/produit\/collier-anti-traction-trixie-premium-pour-chien-medium-large-35-50cm\/#primaryimage"},"thumbnailUrl":"https:\/\/www.animalsouk.ma\/animalerie-maroc\/wp-content\/uploads\/2025\/12\/jkkj.png","datePublished":"2025-12-31T00:19:18+00:00","dateModified":"2026-01-05T16:40:55+00:00","description":"Achetez votre Collier anti-traction Trixie Premium pour Chien Medium-Large 35-50cm au meilleur prix au Maroc. Livraison rapide | Animalsouk.ma","breadcrumb":{"@id":"https:\/\/www.animalsouk.ma\/animalerie-maroc\/produit\/collier-anti-traction-trixie-premium-pour-chien-medium-large-35-50cm\/#breadcrumb"},"inLanguage":"fr-FR","potentialAction":[{"@type":"ReadAction","target":["https:\/\/www.animalsouk.ma\/animalerie-maroc\/produit\/collier-anti-traction-trixie-premium-pour-chien-medium-large-35-50cm\/"]}]},{"@type":"ImageObject","inLanguage":"fr-FR","@id":"https:\/\/www.animalsouk.ma\/animalerie-maroc\/produit\/collier-anti-traction-trixie-premium-pour-chien-medium-large-35-50cm\/#primaryimage","url":"https:\/\/www.animalsouk.ma\/animalerie-maroc\/wp-content\/uploads\/2025\/12\/jkkj.png","contentUrl":"https:\/\/www.animalsouk.ma\/animalerie-maroc\/wp-content\/uploads\/2025\/12\/jkkj.png","width":928,"height":770,"caption":"Collier anti-traction Trixie Premium pour Chien Medium-Large 35-50cm"},{"@type":"BreadcrumbList","@id":"https:\/\/www.animalsouk.ma\/animalerie-maroc\/produit\/collier-anti-traction-trixie-premium-pour-chien-medium-large-35-50cm\/#breadcrumb","itemListElement":[{"@type":"ListItem","position":1,"name":"Home","item":"https:\/\/www.animalsouk.ma\/animalerie-maroc\/"},{"@type":"ListItem","position":2,"name":"Boutique","item":"https:\/\/www.animalsouk.ma\/animalerie-maroc\/boutique\/"},{"@type":"ListItem","position":3,"name":"Collier anti-traction Trixie Premium pour Chien Medium-Large 35-50cm"}]},{"@type":"WebSite","@id":"https:\/\/www.animalsouk.ma\/animalerie-maroc\/#website","url":"https:\/\/www.animalsouk.ma\/animalerie-maroc\/","name":"Animalerie de casablanca","description":"","publisher":{"@id":"https:\/\/www.animalsouk.ma\/animalerie-maroc\/#organization"},"potentialAction":[{"@type":"SearchAction","target":{"@type":"EntryPoint","urlTemplate":"https:\/\/www.animalsouk.ma\/animalerie-maroc\/?s={search_term_string}"},"query-input":{"@type":"PropertyValueSpecification","valueRequired":true,"valueName":"search_term_string"}}],"inLanguage":"fr-FR"},{"@type":"Organization","@id":"https:\/\/www.animalsouk.ma\/animalerie-maroc\/#organization","name":"Animalerie de casablanca","url":"https:\/\/www.animalsouk.ma\/animalerie-maroc\/","logo":{"@type":"ImageObject","inLanguage":"fr-FR","@id":"https:\/\/www.animalsouk.ma\/animalerie-maroc\/#\/schema\/logo\/image\/","url":"https:\/\/www.animalsouk.ma\/animalerie-maroc\/wp-content\/uploads\/2025\/10\/animalsouk.ma-logo.png","contentUrl":"https:\/\/www.animalsouk.ma\/animalerie-maroc\/wp-content\/uploads\/2025\/10\/animalsouk.ma-logo.png","width":760,"height":231,"caption":"Animalerie de casablanca"},"image":{"@id":"https:\/\/www.animalsouk.ma\/animalerie-maroc\/#\/schema\/logo\/image\/"},"sameAs":["https:\/\/www.facebook.com\/animalsouk.ma","https:\/\/www.instagram.com\/animalsouk.ma"]}]}},"_links":{"self":[{"href":"https:\/\/www.animalsouk.ma\/animalerie-maroc\/wp-json\/wp\/v2\/product\/1256","targetHints":{"allow":["GET"]}}],"collection":[{"href":"https:\/\/www.animalsouk.ma\/animalerie-maroc\/wp-json\/wp\/v2\/product"}],"about":[{"href":"https:\/\/www.animalsouk.ma\/animalerie-maroc\/wp-json\/wp\/v2\/types\/product"}],"wp:featuredmedia":[{"embeddable":true,"href":"https:\/\/www.animalsouk.ma\/animalerie-maroc\/wp-json\/wp\/v2\/media\/1271"}],"wp:attachment":[{"href":"https:\/\/www.animalsouk.ma\/animalerie-maroc\/wp-json\/wp\/v2\/media?parent=1256"}],"wp:term":[{"taxonomy":"product_brand","embeddable":true,"href":"https:\/\/www.animalsouk.ma\/animalerie-maroc\/wp-json\/wp\/v2\/product_brand?post=1256"},{"taxonomy":"product_cat","embeddable":true,"href":"https:\/\/www.animalsouk.ma\/animalerie-maroc\/wp-json\/wp\/v2\/product_cat?post=1256"},{"taxonomy":"product_tag","embeddable":true,"href":"https:\/\/www.animalsouk.ma\/animalerie-maroc\/wp-json\/wp\/v2\/product_tag?post=1256"}],"curies":[{"name":"wp","href":"https:\/\/api.w.org\/{rel}","templated":true}]}}