{"id":1044,"date":"2025-12-02T14:15:22","date_gmt":"2025-12-02T13:15:22","guid":{"rendered":"https:\/\/www.animalsouk.ma\/animalerie-maroc\/?post_type=product&#038;p=1044"},"modified":"2026-01-05T18:59:26","modified_gmt":"2026-01-05T17:59:26","slug":"lingette-de-nettoyage-pour-chien-et-chat-reflex","status":"publish","type":"product","link":"https:\/\/www.animalsouk.ma\/animalerie-maroc\/produit\/lingette-de-nettoyage-pour-chien-et-chat-reflex\/","title":{"rendered":"lingette de nettoyage pour chien et chat reflex"},"content":{"rendered":"<h2>lingette de nettoyage pour chien et chat reflex<\/h2>\n<p>Gr\u00e2ce \u00e0 son pH neutre, il est doux pour la peau et le pelage. Enrichi en talc, il pr\u00e9vient les mauvaises odeurs. Il est sans alcool, sans parab\u00e8nes, sans SLES et sans SLS.<\/p>\n<div class=\"container\">\n<div id=\"myTabContent\" class=\"tab-content\">\n<div id=\"home\" class=\"tab-pane fade show active\" role=\"tabpanel\" aria-labelledby=\"home-tab\">\n<div class=\"row py-20\">\n<div class=\"col-12 col-lg-12\">\n<div class=\"food-content-sec\">\n<p>&nbsp;<\/p>\n<\/div>\n<div class=\"col-md-6\">\n<h3 data-start=\"554\" data-end=\"588\">\u2705 Caract\u00e9ristiques &amp; avantages<\/h3>\n<ul data-start=\"590\" data-end=\"1330\">\n<li data-start=\"590\" data-end=\"756\">\n<p data-start=\"592\" data-end=\"756\"><strong data-start=\"592\" data-end=\"625\">Absorption rapide et efficace<\/strong> : la serviette s\u00e8che le pelage rapidement, sans frotter fort \u2014 id\u00e9al apr\u00e8s un bain, une promenade sous la pluie ou une baignade.<\/p>\n<\/li>\n<li data-start=\"757\" data-end=\"891\">\n<p data-start=\"759\" data-end=\"891\"><strong data-start=\"759\" data-end=\"800\">Ultra-douce et respectueuse du pelage<\/strong> : sa texture douce convient m\u00eame aux poils longs ou sensibles, et \u00e9vite les irritations.<\/p>\n<\/li>\n<li data-start=\"892\" data-end=\"1038\">\n<p data-start=\"894\" data-end=\"1038\"><strong data-start=\"894\" data-end=\"916\">Compacte et l\u00e9g\u00e8re<\/strong> : facile \u00e0 plier et \u00e0 transporter \u2014 parfaite pour vos sorties, voyages, ou pour avoir sous la main apr\u00e8s une promenade.<\/p>\n<\/li>\n<li data-start=\"1039\" data-end=\"1156\">\n<p data-start=\"1041\" data-end=\"1156\"><strong data-start=\"1041\" data-end=\"1064\">Facile \u00e0 entretenir<\/strong> : lavable en machine, s\u00e9chage rapide \u2014 elle reste souple et efficace lavage apr\u00e8s lavage.<\/p>\n<\/li>\n<li data-start=\"1157\" data-end=\"1330\">\n<p data-start=\"1159\" data-end=\"1330\"><strong data-start=\"1159\" data-end=\"1179\">Usage polyvalent<\/strong> : convient pour chiens, chats, chiots ou chatons \u2014 pratique pour le bain, l\u2019entretien quotidien, le s\u00e9chage apr\u00e8s pluie, ou le nettoyage des pattes.<\/p>\n<\/li>\n<\/ul>\n<h3 data-start=\"1332\" data-end=\"1359\">\ud83c\udfaf Pourquoi l\u2019adopter ?<\/h3>\n<ul data-start=\"1361\" data-end=\"1734\">\n<li data-start=\"1361\" data-end=\"1442\">\n<p data-start=\"1363\" data-end=\"1442\">Elle rend le <strong data-start=\"1376\" data-end=\"1412\">toilettage plus facile et rapide<\/strong>, sans stress pour l\u2019animal.<\/p>\n<\/li>\n<li data-start=\"1443\" data-end=\"1536\">\n<p data-start=\"1445\" data-end=\"1536\">Elle aide \u00e0 <strong data-start=\"1457\" data-end=\"1495\">maintenir un pelage propre et sain<\/strong>, surtout apr\u00e8s l\u2019ext\u00e9rieur ou un bain.<\/p>\n<\/li>\n<li data-start=\"1537\" data-end=\"1621\">\n<p data-start=\"1539\" data-end=\"1621\">Elle r\u00e9duit les risques d\u2019irritation cutan\u00e9e par un s\u00e9chage doux et respectueux.<\/p>\n<\/li>\n<li data-start=\"1622\" data-end=\"1734\">\n<p data-start=\"1624\" data-end=\"1734\">C\u2019est un <strong data-start=\"1633\" data-end=\"1661\">accessoire indispensable<\/strong> pour tout propri\u00e9taire d\u2019animal \u2014 utile \u00e0 la maison ou en d\u00e9placement.<\/p>\n<\/li>\n<\/ul>\n<p data-start=\"1736\" data-end=\"1881\">\ud83d\udc49 Id\u00e9ale pour les chats et chiens de toutes tailles, les lingettes de nettoyage pour chat et chien\u00a0est un must-have pour l\u2019hygi\u00e8ne et le confort de votre compagnon.<\/p>\n<p data-start=\"1736\" data-end=\"1881\"><strong>Ingredients<\/strong>: Aqua, Phenoxyethanol, Monopropylene Glycol, Polyquaternium-7, Cetearyl Isononanoate, Ceteareth-20, Cetearyl Alcohol, Glyceryl Stearate, Glycerin, Ceteareth-12, Cetyl Palmitate, Benzalkonium Chloride, Ethylhexylglycerin, Parfum.<\/p>\n<\/div>\n<div class=\"row\">\n<div class=\"col-md-6\"><\/div>\n<\/div>\n<\/div>\n<\/div>\n<\/div>\n<\/div>\n<\/div>\n<section class=\"mt-40 mb-40\">\n<div class=\"container\"><\/div>\n<\/section>\n","protected":false},"excerpt":{"rendered":"<p>lingette de nettoyage pour chien et chat reflex Gr\u00e2ce \u00e0 son pH neutre, il est doux pour la peau et le pelage. Enrichi en talc, il pr\u00e9vient les mauvaises odeurs. Il est sans alcool, sans parab\u00e8nes, sans SLES et sans SLS. &nbsp; \u2705 Caract\u00e9ristiques &amp; avantages Absorption rapide et efficace : la serviette s\u00e8che le [&#8230;]\n","protected":false},"featured_media":1042,"template":"","meta":[],"product_brand":[25],"product_cat":[17,23],"product_tag":[],"class_list":{"0":"post-1044","1":"product","2":"type-product","3":"status-publish","4":"has-post-thumbnail","6":"product_brand-reflex","7":"product_cat-accessoires-et-jouets-pour-chats","8":"product_cat-accessoires-et-jouets-pour-chiens","10":"first","11":"instock","12":"sale","13":"shipping-taxable","14":"purchasable","15":"product-type-simple"},"yoast_head":"<!-- This site is optimized with the Yoast SEO plugin v27.3 - https:\/\/yoast.com\/product\/yoast-seo-wordpress\/ -->\n<title>lingette de nettoyage pour chien et chat reflex - Animalerie Maroc<\/title>\n<meta name=\"description\" content=\"Achetez votre lingette de nettoyage pour chien et chat reflex au meilleur prix au Maroc. Livraison rapide | Animalsouk.ma\" \/>\n<meta name=\"robots\" content=\"index, follow, max-snippet:-1, max-image-preview:large, max-video-preview:-1\" \/>\n<link rel=\"canonical\" href=\"https:\/\/www.animalsouk.ma\/animalerie-maroc\/produit\/lingette-de-nettoyage-pour-chien-et-chat-reflex\/\" \/>\n<meta property=\"og:locale\" content=\"fr_FR\" \/>\n<meta property=\"og:type\" content=\"article\" \/>\n<meta property=\"og:title\" content=\"lingette de nettoyage pour chien et chat reflex - Animalerie Maroc\" \/>\n<meta property=\"og:description\" content=\"Achetez votre lingette de nettoyage pour chien et chat reflex au meilleur prix au Maroc. Livraison rapide | Animalsouk.ma\" \/>\n<meta property=\"og:url\" content=\"https:\/\/www.animalsouk.ma\/animalerie-maroc\/produit\/lingette-de-nettoyage-pour-chien-et-chat-reflex\/\" \/>\n<meta property=\"og:site_name\" content=\"Animalerie Maroc\" \/>\n<meta property=\"article:publisher\" content=\"https:\/\/www.facebook.com\/animalsouk.ma\" \/>\n<meta property=\"article:modified_time\" content=\"2026-01-05T17:59:26+00:00\" \/>\n<meta property=\"og:image\" content=\"https:\/\/www.animalsouk.ma\/animalerie-maroc\/wp-content\/uploads\/2025\/12\/lingette.png\" \/>\n\t<meta property=\"og:image:width\" content=\"928\" \/>\n\t<meta property=\"og:image:height\" content=\"770\" \/>\n\t<meta property=\"og:image:type\" content=\"image\/png\" \/>\n<meta name=\"twitter:card\" content=\"summary_large_image\" \/>\n<meta name=\"twitter:label1\" content=\"Dur\u00e9e de lecture estim\u00e9e\" \/>\n\t<meta name=\"twitter:data1\" content=\"2 minutes\" \/>\n<script type=\"application\/ld+json\" class=\"yoast-schema-graph\">{\"@context\":\"https:\\\/\\\/schema.org\",\"@graph\":[{\"@type\":\"WebPage\",\"@id\":\"https:\\\/\\\/www.animalsouk.ma\\\/animalerie-maroc\\\/produit\\\/lingette-de-nettoyage-pour-chien-et-chat-reflex\\\/\",\"url\":\"https:\\\/\\\/www.animalsouk.ma\\\/animalerie-maroc\\\/produit\\\/lingette-de-nettoyage-pour-chien-et-chat-reflex\\\/\",\"name\":\"lingette de nettoyage pour chien et chat reflex - Animalerie Maroc\",\"isPartOf\":{\"@id\":\"https:\\\/\\\/www.animalsouk.ma\\\/animalerie-maroc\\\/#website\"},\"primaryImageOfPage\":{\"@id\":\"https:\\\/\\\/www.animalsouk.ma\\\/animalerie-maroc\\\/produit\\\/lingette-de-nettoyage-pour-chien-et-chat-reflex\\\/#primaryimage\"},\"image\":{\"@id\":\"https:\\\/\\\/www.animalsouk.ma\\\/animalerie-maroc\\\/produit\\\/lingette-de-nettoyage-pour-chien-et-chat-reflex\\\/#primaryimage\"},\"thumbnailUrl\":\"https:\\\/\\\/www.animalsouk.ma\\\/animalerie-maroc\\\/wp-content\\\/uploads\\\/2025\\\/12\\\/lingette.png\",\"datePublished\":\"2025-12-02T13:15:22+00:00\",\"dateModified\":\"2026-01-05T17:59:26+00:00\",\"description\":\"Achetez votre lingette de nettoyage pour chien et chat reflex au meilleur prix au Maroc. Livraison rapide | Animalsouk.ma\",\"breadcrumb\":{\"@id\":\"https:\\\/\\\/www.animalsouk.ma\\\/animalerie-maroc\\\/produit\\\/lingette-de-nettoyage-pour-chien-et-chat-reflex\\\/#breadcrumb\"},\"inLanguage\":\"fr-FR\",\"potentialAction\":[{\"@type\":\"ReadAction\",\"target\":[\"https:\\\/\\\/www.animalsouk.ma\\\/animalerie-maroc\\\/produit\\\/lingette-de-nettoyage-pour-chien-et-chat-reflex\\\/\"]}]},{\"@type\":\"ImageObject\",\"inLanguage\":\"fr-FR\",\"@id\":\"https:\\\/\\\/www.animalsouk.ma\\\/animalerie-maroc\\\/produit\\\/lingette-de-nettoyage-pour-chien-et-chat-reflex\\\/#primaryimage\",\"url\":\"https:\\\/\\\/www.animalsouk.ma\\\/animalerie-maroc\\\/wp-content\\\/uploads\\\/2025\\\/12\\\/lingette.png\",\"contentUrl\":\"https:\\\/\\\/www.animalsouk.ma\\\/animalerie-maroc\\\/wp-content\\\/uploads\\\/2025\\\/12\\\/lingette.png\",\"width\":928,\"height\":770,\"caption\":\"lingette de nettoyage pour chien et chat reflex\"},{\"@type\":\"BreadcrumbList\",\"@id\":\"https:\\\/\\\/www.animalsouk.ma\\\/animalerie-maroc\\\/produit\\\/lingette-de-nettoyage-pour-chien-et-chat-reflex\\\/#breadcrumb\",\"itemListElement\":[{\"@type\":\"ListItem\",\"position\":1,\"name\":\"Home\",\"item\":\"https:\\\/\\\/www.animalsouk.ma\\\/animalerie-maroc\\\/\"},{\"@type\":\"ListItem\",\"position\":2,\"name\":\"Boutique\",\"item\":\"https:\\\/\\\/www.animalsouk.ma\\\/animalerie-maroc\\\/boutique\\\/\"},{\"@type\":\"ListItem\",\"position\":3,\"name\":\"lingette de nettoyage pour chien et chat reflex\"}]},{\"@type\":\"WebSite\",\"@id\":\"https:\\\/\\\/www.animalsouk.ma\\\/animalerie-maroc\\\/#website\",\"url\":\"https:\\\/\\\/www.animalsouk.ma\\\/animalerie-maroc\\\/\",\"name\":\"Animalerie de casablanca\",\"description\":\"\",\"publisher\":{\"@id\":\"https:\\\/\\\/www.animalsouk.ma\\\/animalerie-maroc\\\/#organization\"},\"potentialAction\":[{\"@type\":\"SearchAction\",\"target\":{\"@type\":\"EntryPoint\",\"urlTemplate\":\"https:\\\/\\\/www.animalsouk.ma\\\/animalerie-maroc\\\/?s={search_term_string}\"},\"query-input\":{\"@type\":\"PropertyValueSpecification\",\"valueRequired\":true,\"valueName\":\"search_term_string\"}}],\"inLanguage\":\"fr-FR\"},{\"@type\":\"Organization\",\"@id\":\"https:\\\/\\\/www.animalsouk.ma\\\/animalerie-maroc\\\/#organization\",\"name\":\"Animalerie de casablanca\",\"url\":\"https:\\\/\\\/www.animalsouk.ma\\\/animalerie-maroc\\\/\",\"logo\":{\"@type\":\"ImageObject\",\"inLanguage\":\"fr-FR\",\"@id\":\"https:\\\/\\\/www.animalsouk.ma\\\/animalerie-maroc\\\/#\\\/schema\\\/logo\\\/image\\\/\",\"url\":\"https:\\\/\\\/www.animalsouk.ma\\\/animalerie-maroc\\\/wp-content\\\/uploads\\\/2025\\\/10\\\/animalsouk.ma-logo.png\",\"contentUrl\":\"https:\\\/\\\/www.animalsouk.ma\\\/animalerie-maroc\\\/wp-content\\\/uploads\\\/2025\\\/10\\\/animalsouk.ma-logo.png\",\"width\":760,\"height\":231,\"caption\":\"Animalerie de casablanca\"},\"image\":{\"@id\":\"https:\\\/\\\/www.animalsouk.ma\\\/animalerie-maroc\\\/#\\\/schema\\\/logo\\\/image\\\/\"},\"sameAs\":[\"https:\\\/\\\/www.facebook.com\\\/animalsouk.ma\",\"https:\\\/\\\/www.instagram.com\\\/animalsouk.ma\"]}]}<\/script>\n<!-- \/ Yoast SEO plugin. -->","yoast_head_json":{"title":"lingette de nettoyage pour chien et chat reflex - Animalerie Maroc","description":"Achetez votre lingette de nettoyage pour chien et chat reflex au meilleur prix au Maroc. Livraison rapide | Animalsouk.ma","robots":{"index":"index","follow":"follow","max-snippet":"max-snippet:-1","max-image-preview":"max-image-preview:large","max-video-preview":"max-video-preview:-1"},"canonical":"https:\/\/www.animalsouk.ma\/animalerie-maroc\/produit\/lingette-de-nettoyage-pour-chien-et-chat-reflex\/","og_locale":"fr_FR","og_type":"article","og_title":"lingette de nettoyage pour chien et chat reflex - Animalerie Maroc","og_description":"Achetez votre lingette de nettoyage pour chien et chat reflex au meilleur prix au Maroc. Livraison rapide | Animalsouk.ma","og_url":"https:\/\/www.animalsouk.ma\/animalerie-maroc\/produit\/lingette-de-nettoyage-pour-chien-et-chat-reflex\/","og_site_name":"Animalerie Maroc","article_publisher":"https:\/\/www.facebook.com\/animalsouk.ma","article_modified_time":"2026-01-05T17:59:26+00:00","og_image":[{"width":928,"height":770,"url":"https:\/\/www.animalsouk.ma\/animalerie-maroc\/wp-content\/uploads\/2025\/12\/lingette.png","type":"image\/png"}],"twitter_card":"summary_large_image","twitter_misc":{"Dur\u00e9e de lecture estim\u00e9e":"2 minutes"},"schema":{"@context":"https:\/\/schema.org","@graph":[{"@type":"WebPage","@id":"https:\/\/www.animalsouk.ma\/animalerie-maroc\/produit\/lingette-de-nettoyage-pour-chien-et-chat-reflex\/","url":"https:\/\/www.animalsouk.ma\/animalerie-maroc\/produit\/lingette-de-nettoyage-pour-chien-et-chat-reflex\/","name":"lingette de nettoyage pour chien et chat reflex - Animalerie Maroc","isPartOf":{"@id":"https:\/\/www.animalsouk.ma\/animalerie-maroc\/#website"},"primaryImageOfPage":{"@id":"https:\/\/www.animalsouk.ma\/animalerie-maroc\/produit\/lingette-de-nettoyage-pour-chien-et-chat-reflex\/#primaryimage"},"image":{"@id":"https:\/\/www.animalsouk.ma\/animalerie-maroc\/produit\/lingette-de-nettoyage-pour-chien-et-chat-reflex\/#primaryimage"},"thumbnailUrl":"https:\/\/www.animalsouk.ma\/animalerie-maroc\/wp-content\/uploads\/2025\/12\/lingette.png","datePublished":"2025-12-02T13:15:22+00:00","dateModified":"2026-01-05T17:59:26+00:00","description":"Achetez votre lingette de nettoyage pour chien et chat reflex au meilleur prix au Maroc. Livraison rapide | Animalsouk.ma","breadcrumb":{"@id":"https:\/\/www.animalsouk.ma\/animalerie-maroc\/produit\/lingette-de-nettoyage-pour-chien-et-chat-reflex\/#breadcrumb"},"inLanguage":"fr-FR","potentialAction":[{"@type":"ReadAction","target":["https:\/\/www.animalsouk.ma\/animalerie-maroc\/produit\/lingette-de-nettoyage-pour-chien-et-chat-reflex\/"]}]},{"@type":"ImageObject","inLanguage":"fr-FR","@id":"https:\/\/www.animalsouk.ma\/animalerie-maroc\/produit\/lingette-de-nettoyage-pour-chien-et-chat-reflex\/#primaryimage","url":"https:\/\/www.animalsouk.ma\/animalerie-maroc\/wp-content\/uploads\/2025\/12\/lingette.png","contentUrl":"https:\/\/www.animalsouk.ma\/animalerie-maroc\/wp-content\/uploads\/2025\/12\/lingette.png","width":928,"height":770,"caption":"lingette de nettoyage pour chien et chat reflex"},{"@type":"BreadcrumbList","@id":"https:\/\/www.animalsouk.ma\/animalerie-maroc\/produit\/lingette-de-nettoyage-pour-chien-et-chat-reflex\/#breadcrumb","itemListElement":[{"@type":"ListItem","position":1,"name":"Home","item":"https:\/\/www.animalsouk.ma\/animalerie-maroc\/"},{"@type":"ListItem","position":2,"name":"Boutique","item":"https:\/\/www.animalsouk.ma\/animalerie-maroc\/boutique\/"},{"@type":"ListItem","position":3,"name":"lingette de nettoyage pour chien et chat reflex"}]},{"@type":"WebSite","@id":"https:\/\/www.animalsouk.ma\/animalerie-maroc\/#website","url":"https:\/\/www.animalsouk.ma\/animalerie-maroc\/","name":"Animalerie de casablanca","description":"","publisher":{"@id":"https:\/\/www.animalsouk.ma\/animalerie-maroc\/#organization"},"potentialAction":[{"@type":"SearchAction","target":{"@type":"EntryPoint","urlTemplate":"https:\/\/www.animalsouk.ma\/animalerie-maroc\/?s={search_term_string}"},"query-input":{"@type":"PropertyValueSpecification","valueRequired":true,"valueName":"search_term_string"}}],"inLanguage":"fr-FR"},{"@type":"Organization","@id":"https:\/\/www.animalsouk.ma\/animalerie-maroc\/#organization","name":"Animalerie de casablanca","url":"https:\/\/www.animalsouk.ma\/animalerie-maroc\/","logo":{"@type":"ImageObject","inLanguage":"fr-FR","@id":"https:\/\/www.animalsouk.ma\/animalerie-maroc\/#\/schema\/logo\/image\/","url":"https:\/\/www.animalsouk.ma\/animalerie-maroc\/wp-content\/uploads\/2025\/10\/animalsouk.ma-logo.png","contentUrl":"https:\/\/www.animalsouk.ma\/animalerie-maroc\/wp-content\/uploads\/2025\/10\/animalsouk.ma-logo.png","width":760,"height":231,"caption":"Animalerie de casablanca"},"image":{"@id":"https:\/\/www.animalsouk.ma\/animalerie-maroc\/#\/schema\/logo\/image\/"},"sameAs":["https:\/\/www.facebook.com\/animalsouk.ma","https:\/\/www.instagram.com\/animalsouk.ma"]}]}},"_links":{"self":[{"href":"https:\/\/www.animalsouk.ma\/animalerie-maroc\/wp-json\/wp\/v2\/product\/1044","targetHints":{"allow":["GET"]}}],"collection":[{"href":"https:\/\/www.animalsouk.ma\/animalerie-maroc\/wp-json\/wp\/v2\/product"}],"about":[{"href":"https:\/\/www.animalsouk.ma\/animalerie-maroc\/wp-json\/wp\/v2\/types\/product"}],"wp:featuredmedia":[{"embeddable":true,"href":"https:\/\/www.animalsouk.ma\/animalerie-maroc\/wp-json\/wp\/v2\/media\/1042"}],"wp:attachment":[{"href":"https:\/\/www.animalsouk.ma\/animalerie-maroc\/wp-json\/wp\/v2\/media?parent=1044"}],"wp:term":[{"taxonomy":"product_brand","embeddable":true,"href":"https:\/\/www.animalsouk.ma\/animalerie-maroc\/wp-json\/wp\/v2\/product_brand?post=1044"},{"taxonomy":"product_cat","embeddable":true,"href":"https:\/\/www.animalsouk.ma\/animalerie-maroc\/wp-json\/wp\/v2\/product_cat?post=1044"},{"taxonomy":"product_tag","embeddable":true,"href":"https:\/\/www.animalsouk.ma\/animalerie-maroc\/wp-json\/wp\/v2\/product_tag?post=1044"}],"curies":[{"name":"wp","href":"https:\/\/api.w.org\/{rel}","templated":true}]}}